CRAN Package Check Results for Package optional

Last updated on 2020-08-06 09:49:07 CEST.

Flavor Version Tinstall Tcheck Ttotal Status Flags
r-devel-linux-x86_64-debian-clang 2.0 2.10 22.61 24.71 NOTE
r-devel-linux-x86_64-debian-gcc 2.0 1.41 18.13 19.54 NOTE
r-devel-linux-x86_64-fedora-clang 2.0 38.17 OK
r-devel-linux-x86_64-fedora-gcc 2.0 29.54 OK
r-devel-windows-ix86+x86_64 2.0 9.00 36.00 45.00 NOTE
r-patched-linux-x86_64 2.0 1.84 22.57 24.41 NOTE
r-patched-solaris-x86 2.0 46.40 OK
r-release-linux-x86_64 2.0 2.02 22.91 24.93 NOTE
r-release-macos-x86_64 2.0 OK
r-release-windows-ix86+x86_64 2.0 9.00 46.00 55.00 NOTE
r-oldrel-macos-x86_64 2.0 OK
r-oldrel-windows-ix86+x86_64 2.0 5.00 37.00 42.00 OK

Check Details

Version: 2.0
Check: package vignettes
Result: NOTE
    Package vignette with placeholder title 'Vignette Title':
     'UserGuide.Rmd'
Flavors: r-devel-linux-x86_64-debian-clang, r-devel-linux-x86_64-debian-gcc, r-devel-windows-ix86+x86_64, r-patched-linux-x86_64, r-release-linux-x86_64, r-release-windows-ix86+x86_64