Last updated on 2022-07-02 10:49:35 CEST.
Flavor | Version | Tinstall | Tcheck | Ttotal | Status | Flags |
---|---|---|---|---|---|---|
r-devel-linux-x86_64-debian-clang | 0.1.0 | 3.54 | 50.02 | 53.56 | NOTE | |
r-devel-linux-x86_64-debian-gcc | 0.1.0 | 2.42 | 37.32 | 39.74 | NOTE | |
r-devel-linux-x86_64-fedora-clang | 0.1.0 | 73.29 | WARN | |||
r-devel-linux-x86_64-fedora-gcc | 0.1.0 | 72.84 | WARN | |||
r-devel-windows-x86_64 | 0.1.0 | 33.00 | 74.00 | 107.00 | NOTE | |
r-patched-linux-x86_64 | 0.1.0 | 3.98 | 46.93 | 50.91 | NOTE | |
r-release-linux-x86_64 | 0.1.0 | 3.18 | 46.69 | 49.87 | NOTE | |
r-release-macos-arm64 | 0.1.0 | 27.00 | NOTE | |||
r-release-macos-x86_64 | 0.1.0 | 40.00 | NOTE | |||
r-release-windows-x86_64 | 0.1.0 | 22.00 | 76.00 | 98.00 | NOTE | |
r-oldrel-macos-arm64 | 0.1.0 | 26.00 | NOTE | |||
r-oldrel-macos-x86_64 | 0.1.0 | 37.00 | NOTE | |||
r-oldrel-windows-ix86+x86_64 | 0.1.0 | 10.00 | 64.00 | 74.00 | NOTE |
Version: 0.1.0
Check: LazyData
Result: NOTE
'LazyData' is specified without a 'data' directory
Flavors: r-devel-linux-x86_64-debian-clang, r-devel-linux-x86_64-debian-gcc, r-devel-linux-x86_64-fedora-clang, r-devel-linux-x86_64-fedora-gcc, r-devel-windows-x86_64, r-patched-linux-x86_64, r-release-linux-x86_64, r-release-macos-arm64, r-release-macos-x86_64, r-release-windows-x86_64, r-oldrel-macos-arm64, r-oldrel-macos-x86_64, r-oldrel-windows-ix86+x86_64
Version: 0.1.0
Check: package dependencies
Result: WARN
Requires (indirectly) orphaned package: ‘gtools’
Flavors: r-devel-linux-x86_64-fedora-clang, r-devel-linux-x86_64-fedora-gcc