Last updated on 2022-06-28 10:49:14 CEST.
Flavor | Version | Tinstall | Tcheck | Ttotal | Status | Flags |
---|---|---|---|---|---|---|
r-devel-linux-x86_64-debian-clang | 2.0.5 | 167.30 | 264.33 | 431.63 | OK | |
r-devel-linux-x86_64-debian-gcc | 2.0.5 | 133.11 | 201.30 | 334.41 | OK | |
r-devel-linux-x86_64-fedora-clang | 2.0.5 | 583.58 | NOTE | |||
r-devel-linux-x86_64-fedora-gcc | 2.0.5 | 492.44 | OK | |||
r-devel-windows-x86_64 | 2.0.5 | 169.00 | 320.00 | 489.00 | OK | |
r-patched-linux-x86_64 | 2.0.5 | 153.45 | 251.93 | 405.38 | OK | |
r-release-linux-x86_64 | 2.0.5 | 130.72 | 250.69 | 381.41 | OK | |
r-release-macos-arm64 | 2.0.5 | 144.00 | NOTE | |||
r-release-macos-x86_64 | 2.0.5 | 229.00 | NOTE | |||
r-release-windows-x86_64 | 2.0.5 | 167.00 | 321.00 | 488.00 | OK | |
r-oldrel-macos-arm64 | 2.0.5 | 180.00 | NOTE | |||
r-oldrel-macos-x86_64 | 2.0.5 | 292.00 | NOTE | |||
r-oldrel-windows-ix86+x86_64 | 2.0.5 | 430.00 | 403.00 | 833.00 | NOTE |
Version: 2.0.5
Check: installed package size
Result: NOTE
installed size is 5.1Mb
sub-directories of 1Mb or more:
extdata 1.8Mb
libs 2.2Mb
Flavors: r-devel-linux-x86_64-fedora-clang, r-release-macos-arm64, r-release-macos-x86_64, r-oldrel-macos-arm64, r-oldrel-macos-x86_64, r-oldrel-windows-ix86+x86_64
Version: 2.0.5
Check: Rd cross-references
Result: NOTE
Undeclared packages ‘alabama’, ‘cccp’, ‘nloptr’ in Rd xrefs
Flavor: r-devel-linux-x86_64-fedora-clang