CRAN Package Check Results for Package opencage

Last updated on 2020-09-29 09:49:02 CEST.

Flavor Version Tinstall Tcheck Ttotal Status Flags
r-devel-linux-x86_64-debian-clang 0.1.4 2.41 24.39 26.80 NOTE
r-devel-linux-x86_64-debian-gcc 0.1.4 1.90 19.46 21.36 NOTE
r-devel-linux-x86_64-fedora-clang 0.1.4 42.06 OK
r-devel-linux-x86_64-fedora-gcc 0.1.4 32.33 OK
r-devel-windows-ix86+x86_64 0.1.4 5.00 37.00 42.00 NOTE
r-patched-linux-x86_64 0.1.4 2.53 23.33 25.86 NOTE
r-patched-solaris-x86 0.1.4 49.70 OK
r-release-linux-x86_64 0.1.4 2.42 24.35 26.77 NOTE
r-release-macos-x86_64 0.1.4 OK
r-release-windows-ix86+x86_64 0.1.4 6.00 42.00 48.00 NOTE
r-oldrel-macos-x86_64 0.1.4 OK
r-oldrel-windows-ix86+x86_64 0.1.4 4.00 40.00 44.00 OK

Check Details

Version: 0.1.4
Check: package vignettes
Result: NOTE
    Package vignette with placeholder title 'Vignette Title':
     'opencage.Rmd'
Flavors: r-devel-linux-x86_64-debian-clang, r-devel-linux-x86_64-debian-gcc, r-devel-windows-ix86+x86_64, r-patched-linux-x86_64, r-release-linux-x86_64, r-release-windows-ix86+x86_64