CRAN Package Check Results for Package openMSE

Last updated on 2023-03-28 10:51:43 CEST.

Flavor Version Tinstall Tcheck Ttotal Status Flags
r-devel-linux-x86_64-debian-clang 1.0.0 12.93 109.32 122.25 NOTE
r-devel-linux-x86_64-debian-gcc 1.0.0 8.58 81.66 90.24 NOTE
r-devel-linux-x86_64-fedora-clang 1.0.0 151.45 NOTE
r-devel-linux-x86_64-fedora-gcc 1.0.0 148.71 NOTE
r-patched-linux-x86_64 1.0.0 10.76 101.84 112.60 NOTE
r-release-linux-x86_64 1.0.0 8.60 103.42 112.02 NOTE
r-release-macos-arm64 1.0.0 37.00 NOTE
r-release-macos-x86_64 1.0.0 72.00 NOTE
r-release-windows-x86_64 1.0.0 20.00 130.00 150.00 NOTE
r-oldrel-macos-arm64 1.0.0 44.00 NOTE
r-oldrel-macos-x86_64 1.0.0 56.00 NOTE
r-oldrel-windows-ix86+x86_64 1.0.0 36.00 130.00 166.00 NOTE

Check Details

Version: 1.0.0
Check: LazyData
Result: NOTE
     'LazyData' is specified without a 'data' directory
Flavors: r-devel-linux-x86_64-debian-clang, r-devel-linux-x86_64-debian-gcc, r-devel-linux-x86_64-fedora-clang, r-devel-linux-x86_64-fedora-gcc, r-patched-linux-x86_64, r-release-linux-x86_64, r-release-macos-arm64, r-release-macos-x86_64, r-release-windows-x86_64, r-oldrel-macos-arm64, r-oldrel-macos-x86_64, r-oldrel-windows-ix86+x86_64