CRAN Package Check Results for Package openCR

Last updated on 2022-06-26 09:53:55 CEST.

Flavor Version Tinstall Tcheck Ttotal Status Flags
r-devel-linux-x86_64-debian-clang 2.2.2 171.46 495.77 667.23 NOTE
r-devel-linux-x86_64-debian-gcc 2.2.2 143.11 363.85 506.96 NOTE
r-devel-linux-x86_64-fedora-clang 2.2.2 839.58 NOTE
r-devel-linux-x86_64-fedora-gcc 2.2.2 809.12 NOTE
r-devel-windows-x86_64 2.2.2 166.00 526.00 692.00 NOTE
r-patched-linux-x86_64 2.2.2 157.26 469.94 627.20 NOTE
r-release-linux-x86_64 2.2.2 151.87 478.48 630.35 NOTE
r-release-macos-arm64 2.2.2 115.00 NOTE
r-release-macos-x86_64 2.2.2 254.00 NOTE
r-release-windows-x86_64 2.2.2 167.00 503.00 670.00 NOTE
r-oldrel-macos-arm64 2.2.2 178.00 NOTE
r-oldrel-macos-x86_64 2.2.2 272.00 NOTE
r-oldrel-windows-ix86+x86_64 2.2.2 424.00 694.00 1118.00 NOTE

Check Details

Version: 2.2.2
Check: package dependencies
Result: NOTE
    Package suggested but not available for checking: 'R2ucare'
Flavors: r-devel-linux-x86_64-debian-clang, r-devel-linux-x86_64-debian-gcc, r-devel-linux-x86_64-fedora-clang, r-devel-linux-x86_64-fedora-gcc, r-patched-linux-x86_64, r-release-linux-x86_64

Version: 2.2.2
Check: for GNU extensions in Makefiles
Result: NOTE
    GNU make is a SystemRequirements.
Flavors: r-devel-linux-x86_64-debian-clang, r-devel-linux-x86_64-debian-gcc, r-devel-linux-x86_64-fedora-clang, r-devel-linux-x86_64-fedora-gcc, r-devel-windows-x86_64, r-patched-linux-x86_64, r-release-linux-x86_64, r-release-macos-arm64, r-release-macos-x86_64, r-release-windows-x86_64, r-oldrel-macos-arm64, r-oldrel-macos-x86_64, r-oldrel-windows-ix86+x86_64

Version: 2.2.2
Check: installed package size
Result: NOTE
     installed size is 5.7Mb
     sub-directories of 1Mb or more:
     exampledata 1.3Mb
     libs 3.1Mb
Flavors: r-devel-linux-x86_64-fedora-clang, r-release-macos-arm64, r-release-macos-x86_64, r-oldrel-macos-arm64, r-oldrel-macos-x86_64, r-oldrel-windows-ix86+x86_64