CRAN Package Check Results for Package ontoFAST

Last updated on 2022-05-27 10:53:53 CEST.

Flavor Version Tinstall Tcheck Ttotal Status Flags
r-devel-linux-x86_64-debian-clang 1.0.0 9.70 89.35 99.05 OK
r-devel-linux-x86_64-debian-gcc 1.0.0 7.84 66.56 74.40 OK
r-devel-linux-x86_64-fedora-clang 1.0.0 120.40 NOTE
r-devel-linux-x86_64-fedora-gcc 1.0.0 118.79 NOTE
r-devel-windows-x86_64 1.0.0 27.00 102.00 129.00 OK
r-patched-linux-x86_64 1.0.0 7.96 84.68 92.64 OK
r-release-linux-x86_64 1.0.0 8.62 84.22 92.84 OK
r-release-macos-arm64 1.0.0 27.00 NOTE
r-release-macos-x86_64 1.0.0 57.00 NOTE
r-release-windows-x86_64 1.0.0 25.00 107.00 132.00 OK
r-oldrel-macos-arm64 1.0.0 35.00 NOTE
r-oldrel-macos-x86_64 1.0.0 46.00 NOTE
r-oldrel-windows-ix86+x86_64 1.0.0 21.00 98.00 119.00 OK

Check Details

Version: 1.0.0
Check: data for non-ASCII characters
Result: NOTE
     Note: found 34 marked UTF-8 strings
Flavors: r-devel-linux-x86_64-fedora-clang, r-devel-linux-x86_64-fedora-gcc, r-release-macos-arm64, r-release-macos-x86_64, r-oldrel-macos-arm64, r-oldrel-macos-x86_64