Last updated on 2024-04-25 08:00:00 CEST.
Flavor | Version | Tinstall | Tcheck | Ttotal | Status | Flags |
---|---|---|---|---|---|---|
r-devel-linux-x86_64-debian-clang | 2.0.11 | 426.89 | 224.61 | 651.50 | NOTE | |
r-devel-linux-x86_64-debian-gcc | 2.0.11 | 374.57 | 192.59 | 567.16 | NOTE | |
r-devel-linux-x86_64-fedora-clang | 2.0.11 | 830.64 | NOTE | |||
r-devel-linux-x86_64-fedora-gcc | 2.0.11 | 1018.27 | NOTE | |||
r-devel-windows-x86_64 | 2.0.11 | 288.00 | 258.00 | 546.00 | NOTE | |
r-patched-linux-x86_64 | 2.0.11 | 428.52 | 251.51 | 680.03 | NOTE | |
r-release-linux-x86_64 | 2.0.11 | 450.49 | 235.01 | 685.50 | NOTE | |
r-release-macos-arm64 | 2.0.11 | 201.00 | NOTE | |||
r-release-windows-x86_64 | 2.0.11 | 289.00 | 247.00 | 536.00 | NOTE | |
r-oldrel-macos-arm64 | 2.0.11 | 245.00 | NOTE | |||
r-oldrel-macos-x86_64 | 2.0.11 | 421.00 | NOTE | |||
r-oldrel-windows-x86_64 | 2.0.11 | 361.00 | 327.00 | 688.00 | NOTE |
Version: 2.0.11
Check: C++ specification
Result: NOTE
Specified C++11: please drop specification unless essential
Flavors: r-devel-linux-x86_64-debian-clang, r-devel-linux-x86_64-debian-gcc, r-devel-linux-x86_64-fedora-clang, r-devel-linux-x86_64-fedora-gcc, r-devel-windows-x86_64, r-patched-linux-x86_64, r-release-linux-x86_64, r-release-macos-arm64, r-release-windows-x86_64, r-oldrel-macos-arm64, r-oldrel-macos-x86_64, r-oldrel-windows-x86_64
Version: 2.0.11
Check: Rd files
Result: NOTE
checkRd: (-1) big.oem.Rd:46: Lost braces in \itemize; meant \describe ?
checkRd: (-1) big.oem.Rd:47: Lost braces in \itemize; meant \describe ?
checkRd: (-1) big.oem.Rd:48: Lost braces in \itemize; meant \describe ?
checkRd: (-1) big.oem.Rd:49: Lost braces in \itemize; meant \describe ?
checkRd: (-1) big.oem.Rd:50: Lost braces in \itemize; meant \describe ?
checkRd: (-1) big.oem.Rd:51-52: Lost braces in \itemize; meant \describe ?
checkRd: (-1) big.oem.Rd:53-54: Lost braces in \itemize; meant \describe ?
checkRd: (-1) big.oem.Rd:55: Lost braces in \itemize; meant \describe ?
checkRd: (-1) big.oem.Rd:56: Lost braces in \itemize; meant \describe ?
checkRd: (-1) big.oem.Rd:57: Lost braces in \itemize; meant \describe ?
checkRd: (-1) big.oem.Rd:58: Lost braces in \itemize; meant \describe ?
checkRd: (-1) big.oem.Rd:59: Lost braces in \itemize; meant \describe ?
checkRd: (-1) big.oem.Rd:60: Lost braces in \itemize; meant \describe ?
checkRd: (-1) big.oem.Rd:61: Lost braces in \itemize; meant \describe ?
checkRd: (-1) oem.Rd:48: Lost braces in \itemize; meant \describe ?
checkRd: (-1) oem.Rd:49: Lost braces in \itemize; meant \describe ?
checkRd: (-1) oem.Rd:50: Lost braces in \itemize; meant \describe ?
checkRd: (-1) oem.Rd:51: Lost braces in \itemize; meant \describe ?
checkRd: (-1) oem.Rd:52: Lost braces in \itemize; meant \describe ?
checkRd: (-1) oem.Rd:53-54: Lost braces in \itemize; meant \describe ?
checkRd: (-1) oem.Rd:55-56: Lost braces in \itemize; meant \describe ?
checkRd: (-1) oem.Rd:57: Lost braces in \itemize; meant \describe ?
checkRd: (-1) oem.Rd:58: Lost braces in \itemize; meant \describe ?
checkRd: (-1) oem.Rd:59: Lost braces in \itemize; meant \describe ?
checkRd: (-1) oem.Rd:60: Lost braces in \itemize; meant \describe ?
checkRd: (-1) oem.Rd:61: Lost braces in \itemize; meant \describe ?
checkRd: (-1) oem.Rd:62: Lost braces in \itemize; meant \describe ?
checkRd: (-1) oem.Rd:63: Lost braces in \itemize; meant \describe ?
checkRd: (-1) oem.xtx.Rd:44: Lost braces in \itemize; meant \describe ?
checkRd: (-1) oem.xtx.Rd:45: Lost braces in \itemize; meant \describe ?
checkRd: (-1) oem.xtx.Rd:46: Lost braces in \itemize; meant \describe ?
checkRd: (-1) oem.xtx.Rd:47: Lost braces in \itemize; meant \describe ?
checkRd: (-1) oem.xtx.Rd:48: Lost braces in \itemize; meant \describe ?
checkRd: (-1) oem.xtx.Rd:49-50: Lost braces in \itemize; meant \describe ?
checkRd: (-1) oem.xtx.Rd:51-52: Lost braces in \itemize; meant \describe ?
checkRd: (-1) oem.xtx.Rd:53: Lost braces in \itemize; meant \describe ?
checkRd: (-1) oem.xtx.Rd:54: Lost braces in \itemize; meant \describe ?
checkRd: (-1) oem.xtx.Rd:55: Lost braces in \itemize; meant \describe ?
checkRd: (-1) oem.xtx.Rd:56: Lost braces in \itemize; meant \describe ?
checkRd: (-1) oem.xtx.Rd:57: Lost braces in \itemize; meant \describe ?
checkRd: (-1) oem.xtx.Rd:58: Lost braces in \itemize; meant \describe ?
checkRd: (-1) oem.xtx.Rd:59: Lost braces in \itemize; meant \describe ?
checkRd: (-1) xval.oem.Rd:61: Lost braces in \itemize; meant \describe ?
checkRd: (-1) xval.oem.Rd:62: Lost braces in \itemize; meant \describe ?
checkRd: (-1) xval.oem.Rd:63: Lost braces in \itemize; meant \describe ?
checkRd: (-1) xval.oem.Rd:64: Lost braces in \itemize; meant \describe ?
checkRd: (-1) xval.oem.Rd:65: Lost braces in \itemize; meant \describe ?
checkRd: (-1) xval.oem.Rd:66-67: Lost braces in \itemize; meant \describe ?
checkRd: (-1) xval.oem.Rd:68-69: Lost braces in \itemize; meant \describe ?
checkRd: (-1) xval.oem.Rd:70: Lost braces in \itemize; meant \describe ?
checkRd: (-1) xval.oem.Rd:71: Lost braces in \itemize; meant \describe ?
checkRd: (-1) xval.oem.Rd:72: Lost braces in \itemize; meant \describe ?
checkRd: (-1) xval.oem.Rd:73: Lost braces in \itemize; meant \describe ?
checkRd: (-1) xval.oem.Rd:74: Lost braces in \itemize; meant \describe ?
checkRd: (-1) xval.oem.Rd:75: Lost braces in \itemize; meant \describe ?
checkRd: (-1) xval.oem.Rd:76: Lost braces in \itemize; meant \describe ?
Flavors: r-devel-linux-x86_64-debian-clang, r-devel-linux-x86_64-debian-gcc, r-devel-linux-x86_64-fedora-clang, r-devel-linux-x86_64-fedora-gcc, r-devel-windows-x86_64, r-patched-linux-x86_64, r-release-macos-arm64, r-release-windows-x86_64
Version: 2.0.11
Check: installed package size
Result: NOTE
installed size is 97.9Mb
sub-directories of 1Mb or more:
libs 96.9Mb
Flavors: r-release-macos-arm64, r-oldrel-macos-arm64, r-oldrel-macos-x86_64