CRAN Package Check Results for Package odpc

Last updated on 2019-12-09 10:49:54 CET.

Flavor Version Tinstall Tcheck Ttotal Status Flags
r-devel-linux-x86_64-debian-clang 2.0.1 45.92 58.68 104.60 WARN --no-tests
r-devel-linux-x86_64-debian-gcc 2.0.1 30.29 44.86 75.15 WARN --no-tests
r-devel-linux-x86_64-fedora-clang 2.0.1 192.99 WARN
r-devel-linux-x86_64-fedora-gcc 2.0.1 192.80 WARN
r-devel-windows-ix86+x86_64 2.0.1 78.00 287.00 365.00 NOTE
r-devel-windows-ix86+x86_64-gcc8 2.0.1 89.00 290.00 379.00 NOTE
r-patched-linux-x86_64 2.0.1 34.19 51.54 85.73 OK --no-tests
r-patched-solaris-x86 2.0.1 261.40 OK
r-release-linux-x86_64 2.0.1 32.07 51.63 83.70 OK --no-tests
r-release-windows-ix86+x86_64 2.0.1 69.00 217.00 286.00 OK
r-release-osx-x86_64 2.0.1 OK
r-oldrel-windows-ix86+x86_64 2.0.1 58.00 204.00 262.00 OK
r-oldrel-osx-x86_64 2.0.1 OK

Check Details

Version: 2.0.1
Flags: --no-tests
Check: whether package can be installed
Result: WARN
    Found the following significant warnings:
     'config' variable 'CPP' is deprecated
     'config' variable 'CXXCPP' is deprecated
Flavors: r-devel-linux-x86_64-debian-clang, r-devel-linux-x86_64-debian-gcc

Version: 2.0.1
Flags: --no-tests
Check: use of PKG_*FLAGS in Makefiles
Result: NOTE
     PKG_CFLAGS set in 'src/Makevars.in' without any corresponding files
Flavors: r-devel-linux-x86_64-debian-clang, r-devel-linux-x86_64-debian-gcc

Version: 2.0.1
Check: whether package can be installed
Result: WARN
    Found the following significant warnings:
     'config' variable 'CPP' is deprecated
     'config' variable 'CXXCPP' is deprecated
Flavors: r-devel-linux-x86_64-fedora-clang, r-devel-linux-x86_64-fedora-gcc

Version: 2.0.1
Check: top-level files
Result: NOTE
    ‘cleanup’: /bin/bash is not portable
Flavors: r-devel-linux-x86_64-fedora-clang, r-devel-linux-x86_64-fedora-gcc

Version: 2.0.1
Check: use of PKG_*FLAGS in Makefiles
Result: NOTE
     PKG_CFLAGS set in ‘src/Makevars’ without any corresponding files
     PKG_CFLAGS set in ‘src/Makevars.in’ without any corresponding files
Flavors: r-devel-linux-x86_64-fedora-clang, r-devel-linux-x86_64-fedora-gcc

Version: 2.0.1
Check: use of PKG_*FLAGS in Makefiles
Result: NOTE
     PKG_CFLAGS set in 'src/Makevars.in' without any corresponding files
Flavors: r-devel-windows-ix86+x86_64, r-devel-windows-ix86+x86_64-gcc8