Last updated on 2023-02-07 10:54:04 CET.
Flavor | Version | Tinstall | Tcheck | Ttotal | Status | Flags |
---|---|---|---|---|---|---|
r-devel-linux-x86_64-debian-clang | 1.2.4 | 10.03 | 144.18 | 154.21 | OK | |
r-devel-linux-x86_64-debian-gcc | 1.2.4 | 8.98 | 104.82 | 113.80 | OK | |
r-devel-linux-x86_64-fedora-clang | 1.2.4 | 186.67 | OK | |||
r-devel-linux-x86_64-fedora-gcc | 1.2.4 | 204.81 | OK | |||
r-devel-windows-x86_64 | 1.2.4 | 100.00 | 213.00 | 313.00 | OK | |
r-patched-linux-x86_64 | 1.2.4 | 10.92 | 137.46 | 148.38 | OK | |
r-release-linux-x86_64 | 1.2.4 | 8.96 | 131.42 | 140.38 | OK | |
r-release-macos-arm64 | 1.2.4 | 80.00 | OK | |||
r-release-macos-x86_64 | 1.2.4 | 92.00 | OK | |||
r-release-windows-x86_64 | 1.2.4 | 100.00 | 222.00 | 322.00 | OK | |
r-oldrel-macos-arm64 | 1.2.4 | 68.00 | OK | |||
r-oldrel-macos-x86_64 | 1.2.4 | 112.00 | OK | |||
r-oldrel-windows-ix86+x86_64 | 1.2.4 | 18.00 | 206.00 | 224.00 | WARN |
Version: 1.2.4
Check: for unstated dependencies in ‘tests’
Result: WARN
Warning: unable to access index for repository https://bioconductor.org/packages/3.14/bioc/src/contrib:
cannot open URL 'https://bioconductor.org/packages/3.14/bioc/src/contrib/PACKAGES'
Warning: unable to access index for repository https://bioconductor.org/packages/3.14/data/annotation/src/contrib:
cannot open URL 'https://bioconductor.org/packages/3.14/data/annotation/src/contrib/PACKAGES'
Warning: unable to access index for repository https://bioconductor.org/packages/3.14/data/experiment/src/contrib:
cannot open URL 'https://bioconductor.org/packages/3.14/data/experiment/src/contrib/PACKAGES'
'library' or 'require' call not declared from: 'name'
Flavor: r-oldrel-windows-ix86+x86_64