Last updated on 2023-02-04 10:54:41 CET.
Flavor | Version | Tinstall | Tcheck | Ttotal | Status | Flags |
---|---|---|---|---|---|---|
r-devel-linux-x86_64-debian-clang | 2.0.1 | 11.64 | 109.54 | 121.18 | OK | |
r-devel-linux-x86_64-debian-gcc | 2.0.1 | 8.84 | 82.29 | 91.13 | OK | |
r-devel-linux-x86_64-fedora-clang | 2.0.1 | 154.09 | NOTE | |||
r-devel-linux-x86_64-fedora-gcc | 2.0.1 | 159.63 | OK | |||
r-devel-windows-x86_64 | 2.0.1 | 24.00 | 137.00 | 161.00 | OK | |
r-patched-linux-x86_64 | 2.0.1 | 12.97 | 106.00 | 118.97 | OK | |
r-release-linux-x86_64 | 2.0.1 | 11.20 | 103.31 | 114.51 | OK | |
r-release-macos-arm64 | 2.0.1 | 42.00 | OK | |||
r-release-macos-x86_64 | 2.0.1 | 87.00 | OK | |||
r-release-windows-x86_64 | 2.0.1 | 21.00 | 155.00 | 176.00 | OK | |
r-oldrel-macos-arm64 | 2.0.1 | 49.00 | OK | |||
r-oldrel-macos-x86_64 | 2.0.1 | 87.00 | OK | |||
r-oldrel-windows-ix86+x86_64 | 2.0.1 | 24.00 | 130.00 | 154.00 | OK |
Version: 2.0.1
Check: Rd cross-references
Result: NOTE
Undeclared package ‘gam’ in Rd xrefs
Flavor: r-devel-linux-x86_64-fedora-clang