CRAN Package Check Results for Package odbc

Last updated on 2020-09-19 10:48:11 CEST.

Flavor Version Tinstall Tcheck Ttotal Status Flags
r-devel-linux-x86_64-debian-clang 1.2.3 88.79 47.21 136.00 OK
r-devel-linux-x86_64-debian-gcc 1.2.3 67.11 37.11 104.22 OK
r-devel-linux-x86_64-fedora-clang 1.2.3 197.65 NOTE
r-devel-linux-x86_64-fedora-gcc 1.2.3 186.94 OK
r-devel-windows-ix86+x86_64 1.2.3 222.00 88.00 310.00 OK
r-patched-linux-x86_64 1.2.3 67.82 46.83 114.65 OK
r-patched-solaris-x86 1.2.3 167.90 OK
r-release-linux-x86_64 1.2.3 68.44 47.70 116.14 OK
r-release-macos-x86_64 1.2.3 NOTE
r-release-windows-ix86+x86_64 1.2.3 219.00 93.00 312.00 OK
r-oldrel-macos-x86_64 1.2.3 NOTE
r-oldrel-windows-ix86+x86_64 1.2.3 26.00 5.00 31.00 ERROR

Check Details

Version: 1.2.3
Check: installed package size
Result: NOTE
     installed size is 7.5Mb
     sub-directories of 1Mb or more:
     libs 7.1Mb
Flavors: r-devel-linux-x86_64-fedora-clang, r-release-macos-x86_64, r-oldrel-macos-x86_64

Version: 1.2.3
Check: whether package can be installed
Result: ERROR
    Installation failed.
Flavor: r-oldrel-windows-ix86+x86_64