Last updated on 2024-03-19 10:52:49 CET.
Flavor | Version | Tinstall | Tcheck | Ttotal | Status | Flags |
---|---|---|---|---|---|---|
r-devel-linux-x86_64-debian-clang | 1.8-2 | 319.09 | 685.67 | 1004.76 | OK | |
r-devel-linux-x86_64-debian-gcc | 1.8-2 | 216.17 | 509.11 | 725.28 | OK | |
r-devel-linux-x86_64-fedora-clang | 1.8-2 | 1300.61 | NOTE | |||
r-devel-linux-x86_64-fedora-gcc | 1.8-2 | 1238.18 | OK | |||
r-devel-windows-x86_64 | 1.8-2 | 233.00 | 659.00 | 892.00 | NOTE | |
r-patched-linux-x86_64 | 1.8-2 | 301.83 | 664.83 | 966.66 | OK | |
r-release-linux-x86_64 | 1.8-2 | 272.09 | 667.60 | 939.69 | OK | |
r-release-macos-arm64 | 1.8-2 | 286.00 | NOTE | |||
r-release-macos-x86_64 | 1.8-2 | 699.00 | NOTE | |||
r-release-windows-x86_64 | 1.8-2 | 300.00 | 797.00 | 1097.00 | NOTE | |
r-oldrel-macos-arm64 | 1.8-2 | 277.00 | NOTE | |||
r-oldrel-windows-x86_64 | 1.8-2 | 293.00 | 666.00 | 959.00 | NOTE |
Version: 1.8-2
Check: installed package size
Result: NOTE
installed size is 9.7Mb
sub-directories of 1Mb or more:
R 2.7Mb
data 1.0Mb
doc 1.7Mb
help 3.2Mb
Flavors: r-devel-linux-x86_64-fedora-clang, r-devel-windows-x86_64, r-release-macos-arm64, r-release-macos-x86_64, r-release-windows-x86_64, r-oldrel-macos-arm64, r-oldrel-windows-x86_64