CRAN Package Check Results for Package numberofalleles

Last updated on 2022-09-29 09:55:37 CEST.

Flavor Version Tinstall Tcheck Ttotal Status Flags
r-devel-linux-x86_64-debian-clang 1.0.1 47.18 46.75 93.93 OK
r-devel-linux-x86_64-debian-gcc 1.0.1 34.44 36.56 71.00 OK
r-devel-linux-x86_64-fedora-clang 1.0.1 148.15 NOTE
r-devel-linux-x86_64-fedora-gcc 1.0.1 120.82 NOTE
r-devel-windows-x86_64 1.0.1 44.00 96.00 140.00 OK
r-patched-linux-x86_64 1.0.1 38.01 44.57 82.58 OK
r-release-linux-x86_64 1.0.1 34.93 44.86 79.79 OK
r-release-macos-arm64 1.0.1 34.00 NOTE
r-release-macos-x86_64 1.0.1 48.00 NOTE
r-release-windows-x86_64 1.0.1 64.00 94.00 158.00 OK
r-oldrel-macos-arm64 1.0.1 34.00 NOTE
r-oldrel-macos-x86_64 1.0.1 45.00 NOTE
r-oldrel-windows-ix86+x86_64 1.0.1 103.00 104.00 207.00 OK

Check Details

Version: 1.0.1
Check: dependencies in R code
Result: NOTE
    Namespace in Imports field not imported from: ‘pedtools’
     All declared Imports should be used.
Flavors: r-devel-linux-x86_64-fedora-clang, r-devel-linux-x86_64-fedora-gcc, r-release-macos-arm64, r-release-macos-x86_64, r-oldrel-macos-arm64, r-oldrel-macos-x86_64