CRAN Package Check Results for Package nortsTest

Last updated on 2024-07-24 10:34:07 CEST.

Flavor Version Tinstall Tcheck Ttotal Status Flags
r-devel-linux-x86_64-debian-clang 1.1.2 10.91 132.09 143.00 OK
r-devel-linux-x86_64-debian-gcc 1.1.2 8.10 98.13 106.23 NOTE
r-devel-linux-x86_64-fedora-clang 1.1.2 175.80 OK
r-devel-linux-x86_64-fedora-gcc 1.1.2 164.96 OK
r-devel-windows-x86_64 1.1.2 11.00 118.00 129.00 NOTE
r-patched-linux-x86_64 1.1.2 14.48 125.54 140.02 OK
r-release-linux-x86_64 1.1.2 6.12 128.20 134.32 OK
r-release-macos-arm64 1.1.2 46.00 OK
r-release-macos-x86_64 1.1.2 109.00 OK
r-release-windows-x86_64 1.1.2 11.00 118.00 129.00 OK
r-oldrel-macos-arm64 1.1.2 53.00 OK
r-oldrel-macos-x86_64 1.1.2 97.00 OK
r-oldrel-windows-x86_64 1.1.2 12.00 136.00 148.00 OK

Check Details

Version: 1.1.2
Check: Rd cross-references
Result: NOTE Found the following Rd file(s) with Rd \link{} targets missing package anchors: autoplot.ts.Rd: geom_forecast, fortify Please provide package anchors for all Rd \link{} targets not in the package itself and the base packages. Flavors: r-devel-linux-x86_64-debian-gcc, r-devel-windows-x86_64