Last updated on 2024-04-26 09:52:07 CEST.
Flavor | Version | Tinstall | Tcheck | Ttotal | Status | Flags |
---|---|---|---|---|---|---|
r-devel-linux-x86_64-debian-clang | 0.1.4 | 4.99 | 67.04 | 72.03 | NOTE | |
r-devel-linux-x86_64-debian-gcc | 0.1.4 | 6.35 | 49.99 | 56.34 | NOTE | |
r-devel-linux-x86_64-fedora-clang | 0.1.4 | 89.44 | NOTE | |||
r-devel-linux-x86_64-fedora-gcc | 0.1.4 | 86.90 | NOTE | |||
r-devel-windows-x86_64 | 0.1.4 | 7.00 | 63.00 | 70.00 | NOTE | |
r-patched-linux-x86_64 | 0.1.4 | 8.34 | 61.51 | 69.85 | NOTE | |
r-release-linux-x86_64 | 0.1.4 | 7.46 | 66.97 | 74.43 | NOTE | |
r-release-macos-arm64 | 0.1.4 | 29.00 | NOTE | |||
r-release-windows-x86_64 | 0.1.4 | 6.00 | 63.00 | 69.00 | NOTE | |
r-oldrel-macos-arm64 | 0.1.4 | 33.00 | NOTE | |||
r-oldrel-macos-x86_64 | 0.1.4 | 51.00 | NOTE | |||
r-oldrel-windows-x86_64 | 0.1.4 | 10.00 | 76.00 | 86.00 | NOTE |
Version: 0.1.4
Check: LazyData
Result: NOTE
'LazyData' is specified without a 'data' directory
Flavors: r-devel-linux-x86_64-debian-clang, r-devel-linux-x86_64-debian-gcc, r-devel-linux-x86_64-fedora-clang, r-devel-linux-x86_64-fedora-gcc, r-devel-windows-x86_64, r-patched-linux-x86_64, r-release-linux-x86_64, r-release-macos-arm64, r-release-windows-x86_64, r-oldrel-macos-arm64, r-oldrel-macos-x86_64, r-oldrel-windows-x86_64