Last updated on 2024-04-23 10:54:10 CEST.
Flavor | Version | Tinstall | Tcheck | Ttotal | Status | Flags |
---|---|---|---|---|---|---|
r-devel-linux-x86_64-debian-clang | 0.0.6 | 51.59 | 192.45 | 244.04 | OK | |
r-devel-linux-x86_64-debian-gcc | 0.0.6 | 38.93 | 140.18 | 179.11 | OK | |
r-devel-linux-x86_64-fedora-clang | 0.0.6 | 306.18 | NOTE | |||
r-devel-linux-x86_64-fedora-gcc | 0.0.6 | 302.94 | NOTE | |||
r-prerel-macos-arm64 | 0.0.6 | 85.00 | OK | |||
r-prerel-windows-x86_64 | 0.0.6 | 42.00 | 195.00 | 237.00 | OK | |
r-patched-linux-x86_64 | 0.0.6 | 46.18 | 182.15 | 228.33 | OK | |
r-release-linux-x86_64 | 0.0.6 | 29.70 | 186.24 | 215.94 | OK | |
r-release-macos-arm64 | 0.0.6 | 88.00 | OK | |||
r-release-macos-x86_64 | 0.0.6 | 151.00 | OK | |||
r-release-windows-x86_64 | 0.0.6 | 52.00 | 237.00 | 289.00 | OK | |
r-oldrel-macos-arm64 | 0.0.6 | 69.00 | OK | |||
r-oldrel-windows-x86_64 | 0.0.6 | 50.00 | 202.00 | 252.00 | OK |
Version: 0.0.6
Check: compiled code
Result: NOTE
File ‘neuroim/libs/neuroim.so’:
Found no calls to: ‘R_registerRoutines’, ‘R_useDynamicSymbols’
It is good practice to register native routines and to disable symbol
search.
See ‘Writing portable packages’ in the ‘Writing R Extensions’ manual.
Flavors: r-devel-linux-x86_64-fedora-clang, r-devel-linux-x86_64-fedora-gcc