Last updated on 2024-05-05 10:53:32 CEST.
Flavor | Version | Tinstall | Tcheck | Ttotal | Status | Flags |
---|---|---|---|---|---|---|
r-devel-linux-x86_64-debian-clang | 1.32.3 | 8.54 | 261.09 | 269.63 | NOTE | |
r-devel-linux-x86_64-debian-gcc | 1.32.3 | 6.86 | 183.45 | 190.31 | NOTE | |
r-devel-linux-x86_64-fedora-clang | 1.32.3 | 345.63 | NOTE | |||
r-devel-linux-x86_64-fedora-gcc | 1.32.3 | 345.40 | NOTE | |||
r-devel-windows-x86_64 | 1.32.3 | 9.00 | 676.00 | 685.00 | NOTE | |
r-patched-linux-x86_64 | 1.32.3 | 15.98 | 245.85 | 261.83 | NOTE | |
r-release-linux-x86_64 | 1.32.3 | 11.79 | 246.16 | 257.95 | NOTE | |
r-release-macos-arm64 | 1.32.3 | 133.00 | NOTE | |||
r-release-windows-x86_64 | 1.32.3 | 10.00 | 608.00 | 618.00 | NOTE | |
r-oldrel-macos-arm64 | 1.32.3 | 140.00 | OK | |||
r-oldrel-macos-x86_64 | 1.32.3 | 237.00 | OK | |||
r-oldrel-windows-x86_64 | 1.32.3 | 12.00 | 667.00 | 679.00 | OK |
Version: 1.32.3
Check: Rd files
Result: NOTE
checkRd: (-1) orient_rpi.Rd:23: Lost braces in \itemize; \value handles \item{}{} directly
checkRd: (-1) orient_rpi.Rd:24: Lost braces in \itemize; \value handles \item{}{} directly
checkRd: (-1) orient_rpi.Rd:25: Lost braces in \itemize; \value handles \item{}{} directly
Flavors: r-devel-linux-x86_64-debian-clang, r-devel-linux-x86_64-debian-gcc, r-devel-linux-x86_64-fedora-clang, r-devel-linux-x86_64-fedora-gcc, r-devel-windows-x86_64, r-patched-linux-x86_64, r-release-linux-x86_64, r-release-macos-arm64, r-release-windows-x86_64