CRAN Package Check Results for Package networktree

Last updated on 2022-01-17 09:56:05 CET.

Flavor Version Tinstall Tcheck Ttotal Status Flags
r-devel-linux-x86_64-debian-clang 1.0.1 9.43 79.09 88.52 OK
r-devel-linux-x86_64-debian-gcc 1.0.1 7.80 60.92 68.72 OK
r-devel-linux-x86_64-fedora-clang 1.0.1 109.23 NOTE
r-devel-linux-x86_64-fedora-gcc 1.0.1 96.65 NOTE
r-devel-windows-x86_64-new-UL 1.0.1 66.00 97.00 163.00 OK
r-devel-windows-x86_64-new-TK 1.0.1 NOTE
r-patched-linux-x86_64 1.0.1 5.71 76.08 81.79 OK
r-release-linux-x86_64 1.0.1 OK
r-release-macos-arm64 1.0.1 NOTE
r-release-macos-x86_64 1.0.1 NOTE
r-release-windows-ix86+x86_64 1.0.1 19.00 88.00 107.00 OK
r-oldrel-macos-x86_64 1.0.1 NOTE
r-oldrel-windows-ix86+x86_64 1.0.1 20.00 90.00 110.00 OK

Check Details

Version: 1.0.1
Check: data for non-ASCII characters
Result: NOTE
     Note: found 2 marked Latin-1 strings
Flavors: r-devel-linux-x86_64-fedora-clang, r-devel-linux-x86_64-fedora-gcc, r-devel-windows-x86_64-new-TK, r-release-macos-arm64, r-release-macos-x86_64, r-oldrel-macos-x86_64

Version: 1.0.1
Check: package dependencies
Result: NOTE
    Package suggested but not available for checking: 'fxregime'
Flavor: r-devel-windows-x86_64-new-TK