Last updated on 2024-04-25 07:59:59 CEST.
Flavor | Version | Tinstall | Tcheck | Ttotal | Status | Flags |
---|---|---|---|---|---|---|
r-devel-linux-x86_64-debian-clang | 4.0.5 | 2.22 | 2.22 | ERROR | ||
r-devel-linux-x86_64-debian-gcc | 4.0.5 | 66.99 | 216.48 | 283.47 | OK | |
r-devel-linux-x86_64-fedora-clang | 4.0.5 | 491.65 | OK | |||
r-devel-linux-x86_64-fedora-gcc | 4.0.5 | 492.61 | OK | |||
r-devel-windows-x86_64 | 4.0.5 | 69.00 | 230.00 | 299.00 | OK | |
r-patched-linux-x86_64 | 4.0.5 | 63.82 | 284.26 | 348.08 | OK | |
r-release-linux-x86_64 | 4.0.5 | 59.08 | 299.90 | 358.98 | OK | |
r-release-macos-arm64 | 4.0.5 | 125.00 | NOTE | |||
r-release-macos-x86_64 | 4.0.5 | 250.00 | NOTE | |||
r-release-windows-x86_64 | 4.0.5 | 60.00 | 228.00 | 288.00 | OK | |
r-oldrel-macos-arm64 | 4.0.5 | 129.00 | NOTE | |||
r-oldrel-macos-x86_64 | 4.0.5 | 314.00 | NOTE | |||
r-oldrel-windows-x86_64 | 4.0.5 | 85.00 | 292.00 | 377.00 | OK |
Version: 4.0.5
Check: package dependencies
Result: ERROR
Package required but not available: ‘genefilter’
See section ‘The DESCRIPTION file’ in the ‘Writing R Extensions’
manual.
Flavor: r-devel-linux-x86_64-debian-clang
Version: 4.0.5
Check: installed package size
Result: NOTE
installed size is 21.2Mb
sub-directories of 1Mb or more:
doc 2.8Mb
libs 17.5Mb
Flavors: r-release-macos-arm64, r-release-macos-x86_64, r-oldrel-macos-arm64, r-oldrel-macos-x86_64