CRAN Package Check Results for Package netdiffuseR

Last updated on 2023-02-06 09:55:51 CET.

Flavor Version Tinstall Tcheck Ttotal Status Flags
r-devel-linux-x86_64-debian-clang 1.22.5 164.42 447.93 612.35 NOTE
r-devel-linux-x86_64-debian-gcc 1.22.5 126.76 320.35 447.11 NOTE
r-devel-linux-x86_64-fedora-clang 1.22.5 814.40 NOTE
r-devel-linux-x86_64-fedora-gcc 1.22.5 817.37 NOTE
r-devel-windows-x86_64 1.22.5 232.00 281.00 513.00 NOTE --no-vignettes
r-patched-linux-x86_64 1.22.5 144.67 403.84 548.51 OK
r-release-linux-x86_64 1.22.5 134.49 409.00 543.49 OK
r-release-macos-arm64 1.22.5 148.00 NOTE
r-release-macos-x86_64 1.22.5 228.00 NOTE
r-release-windows-x86_64 1.22.5 223.00 286.00 509.00 NOTE --no-vignettes
r-oldrel-macos-arm64 1.22.5 141.00 NOTE
r-oldrel-macos-x86_64 1.22.5 235.00 NOTE
r-oldrel-windows-ix86+x86_64 1.22.5 362.00 453.00 815.00 NOTE --no-vignettes

Check Details

Version: 1.22.5
Check: C++ specification
Result: NOTE
     Specified C++11: please update to current default of C++17
Flavors: r-devel-linux-x86_64-debian-clang, r-devel-linux-x86_64-debian-gcc, r-devel-linux-x86_64-fedora-clang, r-devel-linux-x86_64-fedora-gcc

Version: 1.22.5
Check: installed package size
Result: NOTE
     installed size is 5.0Mb
     sub-directories of 1Mb or more:
     doc 2.5Mb
Flavors: r-devel-linux-x86_64-fedora-clang, r-release-macos-arm64, r-release-macos-x86_64, r-oldrel-macos-arm64, r-oldrel-macos-x86_64

Version: 1.22.5
Flags: --no-vignettes
Check: C++ specification
Result: NOTE
     Specified C++11: please update to current default of C++17
Flavor: r-devel-windows-x86_64

Version: 1.22.5
Flags: --no-vignettes
Check: installed package size
Result: NOTE
     installed size is 5.8Mb
     sub-directories of 1Mb or more:
     doc 2.5Mb
     libs 1.5Mb
Flavors: r-devel-windows-x86_64, r-release-windows-x86_64, r-oldrel-windows-ix86+x86_64