Last updated on 2024-04-24 10:23:01 CEST.
Flavor | Version | Tinstall | Tcheck | Ttotal | Status | Flags |
---|---|---|---|---|---|---|
r-devel-linux-x86_64-debian-clang | 0.1 | 34.88 | 73.07 | 107.95 | NOTE | |
r-devel-linux-x86_64-debian-gcc | 0.1 | 29.73 | 54.79 | 84.52 | NOTE | |
r-devel-linux-x86_64-fedora-clang | 0.1 | 150.25 | NOTE | |||
r-devel-linux-x86_64-fedora-gcc | 0.1 | 150.53 | NOTE | |||
r-devel-windows-x86_64 | 0.1 | 31.00 | 88.00 | 119.00 | NOTE | |
r-patched-linux-x86_64 | 0.1 | 40.08 | 69.25 | 109.33 | NOTE | |
r-release-linux-x86_64 | 0.1 | 37.73 | 71.79 | 109.52 | NOTE | |
r-release-macos-arm64 | 0.1 | 47.00 | NOTE | |||
r-release-windows-x86_64 | 0.1 | 41.00 | 107.00 | 148.00 | NOTE | |
r-oldrel-macos-arm64 | 0.1 | 40.00 | OK | |||
r-oldrel-macos-x86_64 | 0.1 | 71.00 | NOTE | |||
r-oldrel-windows-x86_64 | 0.1 | 41.00 | 104.00 | 145.00 | OK |
Version: 0.1
Check: C++ specification
Result: NOTE
Specified C++11: please drop specification unless essential
Flavors: r-devel-linux-x86_64-debian-clang, r-devel-linux-x86_64-debian-gcc, r-devel-linux-x86_64-fedora-clang, r-devel-linux-x86_64-fedora-gcc, r-devel-windows-x86_64, r-patched-linux-x86_64, r-release-linux-x86_64, r-release-macos-arm64, r-release-windows-x86_64, r-oldrel-macos-x86_64