Last updated on 2023-01-27 10:50:22 CET.
Flavor | Version | Tinstall | Tcheck | Ttotal | Status | Flags |
---|---|---|---|---|---|---|
r-devel-linux-x86_64-debian-clang | 0.1 | 41.17 | 73.85 | 115.02 | OK | |
r-devel-linux-x86_64-debian-gcc | 0.1 | 30.68 | 58.09 | 88.77 | NOTE | |
r-devel-linux-x86_64-fedora-clang | 0.1 | 153.08 | NOTE | |||
r-devel-linux-x86_64-fedora-gcc | 0.1 | 151.85 | NOTE | |||
r-patched-linux-x86_64 | 0.1 | 32.18 | 71.79 | 103.97 | OK | |
r-release-linux-x86_64 | 0.1 | 35.73 | 72.32 | 108.05 | OK | |
r-release-macos-arm64 | 0.1 | 40.00 | OK | |||
r-release-macos-x86_64 | 0.1 | 55.00 | OK | |||
r-release-windows-x86_64 | 0.1 | 58.00 | 119.00 | 177.00 | OK | |
r-oldrel-macos-arm64 | 0.1 | 49.00 | OK | |||
r-oldrel-macos-x86_64 | 0.1 | 77.00 | OK | |||
r-oldrel-windows-ix86+x86_64 | 0.1 | 97.00 | 133.00 | 230.00 | OK |
Version: 0.1
Check: C++ specification
Result: NOTE
Specified C++11: please update to current default of C++17
Flavors: r-devel-linux-x86_64-debian-gcc, r-devel-linux-x86_64-fedora-clang, r-devel-linux-x86_64-fedora-gcc