CRAN Package Check Results for Package nestedLogit

Last updated on 2024-06-18 09:57:41 CEST.

Flavor Version Tinstall Tcheck Ttotal Status Flags
r-devel-linux-x86_64-debian-clang 0.3.2 13.82 181.59 195.41 NOTE
r-devel-linux-x86_64-debian-gcc 0.3.2 12.08 132.78 144.86 NOTE
r-devel-linux-x86_64-fedora-clang 0.3.2 248.36 NOTE
r-devel-linux-x86_64-fedora-gcc 0.3.2 243.66 NOTE
r-devel-windows-x86_64 0.3.2 14.00 152.00 166.00 NOTE
r-patched-linux-x86_64 0.3.2 9.80 163.61 173.41 ERROR
r-release-linux-x86_64 0.3.2 14.11 172.46 186.57 NOTE
r-release-macos-arm64 0.3.2 75.00 NOTE
r-release-macos-x86_64 0.3.2 105.00 ERROR
r-release-windows-x86_64 0.3.2 13.00 142.00 155.00 ERROR
r-oldrel-macos-arm64 0.3.2 70.00 OK
r-oldrel-macos-x86_64 0.3.2 171.00 OK
r-oldrel-windows-x86_64 0.3.2 18.00 194.00 212.00 OK

Check Details

Version: 0.3.2
Check: Rd files
Result: NOTE checkRd: (-1) GSS.Rd:17: Lost braces 17 | code{2016}.} | ^ Flavors: r-devel-linux-x86_64-debian-clang, r-devel-linux-x86_64-debian-gcc, r-devel-linux-x86_64-fedora-clang, r-devel-linux-x86_64-fedora-gcc, r-devel-windows-x86_64, r-patched-linux-x86_64, r-release-linux-x86_64, r-release-macos-arm64, r-release-macos-x86_64, r-release-windows-x86_64

Version: 0.3.2
Check: re-building of vignette outputs
Result: ERROR Error(s) in re-building vignettes: ... --- re-building ‘nestedLogit.Rmd’ using rmarkdown ** Processing: fig/wlf-plot-1.png 672x384 pixels, 3x8 bits/pixel, RGB Input IDAT size = 38737 bytes Input file size = 38863 bytes Trying: zc = 9 zm = 8 zs = 0 f = 0 IDAT size = 29909 zc = 9 zm = 8 zs = 1 f = 0 zc = 1 zm = 8 zs = 2 f = 0 zc = 9 zm = 8 zs = 3 f = 0 zc = 9 zm = 8 zs = 0 f = 5 zc = 9 zm = 8 zs = 1 f = 5 zc = 1 zm = 8 zs = 2 f = 5 zc = 9 zm = 8 zs = 3 f = 5 Selecting parameters: zc = 9 zm = 8 zs = 0 f = 0 IDAT size = 29909 Output IDAT size = 29909 bytes (8828 bytes decrease) Output file size = 29987 bytes (8876 bytes = 22.84% decrease) ** Processing: fig/wlf-effect-plot-1-1.png 672x576 pixels, 3x8 bits/pixel, RGB Input IDAT size = 55761 bytes Input file size = 55911 bytes Trying: zc = 9 zm = 8 zs = 0 f = 0 IDAT size = 43999 zc = 9 zm = 8 zs = 1 f = 0 zc = 1 zm = 8 zs = 2 f = 0 zc = 9 zm = 8 zs = 3 f = 0 zc = 9 zm = 8 zs = 0 f = 5 zc = 9 zm = 8 zs = 1 f = 5 zc = 1 zm = 8 zs = 2 f = 5 zc = 9 zm = 8 zs = 3 f = 5 Selecting parameters: zc = 9 zm = 8 zs = 0 f = 0 IDAT size = 43999 Output IDAT size = 43999 bytes (11762 bytes decrease) Output file size = 44077 bytes (11834 bytes = 21.17% decrease) ** Processing: fig/wlf-effect-plot-2-1.png 672x384 pixels, 3x8 bits/pixel, RGB Input IDAT size = 28568 bytes Input file size = 28682 bytes Trying: zc = 9 zm = 8 zs = 0 f = 0 IDAT size = 23984 zc = 9 zm = 8 zs = 1 f = 0 zc = 1 zm = 8 zs = 2 f = 0 zc = 9 zm = 8 zs = 3 f = 0 zc = 9 zm = 8 zs = 0 f = 5 zc = 9 zm = 8 zs = 1 f = 5 zc = 1 zm = 8 zs = 2 f = 5 zc = 9 zm = 8 zs = 3 f = 5 Selecting parameters: zc = 9 zm = 8 zs = 0 f = 0 IDAT size = 23984 Output IDAT size = 23984 bytes (4584 bytes decrease) Output file size = 24062 bytes (4620 bytes = 16.11% decrease) ** Processing: fig/wlf-alt-plot-1.png 672x384 pixels, 3x8 bits/pixel, RGB Input IDAT size = 37411 bytes Input file size = 37537 bytes Trying: zc = 9 zm = 8 zs = 0 f = 0 IDAT size = 29174 zc = 9 zm = 8 zs = 1 f = 0 zc = 1 zm = 8 zs = 2 f = 0 zc = 9 zm = 8 zs = 3 f = 0 zc = 9 zm = 8 zs = 0 f = 5 zc = 9 zm = 8 zs = 1 f = 5 zc = 1 zm = 8 zs = 2 f = 5 zc = 9 zm = 8 zs = 3 f = 5 Selecting parameters: zc = 9 zm = 8 zs = 0 f = 0 IDAT size = 29174 Output IDAT size = 29174 bytes (8237 bytes decrease) Output file size = 29252 bytes (8285 bytes = 22.07% decrease) --- finished re-building ‘nestedLogit.Rmd’ --- re-building ‘plotting-ggplot.Rmd’ using rmarkdown ** Processing: fig/wlf-ggplot-p1-1.png 672x384 pixels, 3x8 bits/pixel, RGB Input IDAT size = 66096 bytes Input file size = 66270 bytes Trying: zc = 9 zm = 8 zs = 0 f = 0 IDAT size = 52263 zc = 9 zm = 8 zs = 1 f = 0 zc = 1 zm = 8 zs = 2 f = 0 zc = 9 zm = 8 zs = 3 f = 0 zc = 9 zm = 8 zs = 0 f = 5 zc = 9 zm = 8 zs = 1 f = 5 zc = 1 zm = 8 zs = 2 f = 5 zc = 9 zm = 8 zs = 3 f = 5 Selecting parameters: zc = 9 zm = 8 zs = 0 f = 0 IDAT size = 52263 Output IDAT size = 52263 bytes (13833 bytes decrease) Output file size = 52341 bytes (13929 bytes = 21.02% decrease) Quitting from lines 150-156 [wlf-ggplot-p2] (plotting-ggplot.Rmd) Error: processing vignette 'plotting-ggplot.Rmd' failed with diagnostics: Problem while converting geom to grob. ℹ Error occurred in the 4th layer. Caused by error in `txt$shape[, shape_vars]`: ! Can't subset columns that don't exist. ✖ Column `x_midpoint` doesn't exist. --- failed re-building ‘plotting-ggplot.Rmd’ --- re-building ‘standard-errors.Rmd’ using rmarkdown --- finished re-building ‘standard-errors.Rmd’ SUMMARY: processing the following file failed: ‘plotting-ggplot.Rmd’ Error: Vignette re-building failed. Execution halted Flavor: r-patched-linux-x86_64

Version: 0.3.2
Check: re-building of vignette outputs
Result: ERROR Error(s) in re-building vignettes: ... --- re-building ‘nestedLogit.Rmd’ using rmarkdown --- finished re-building ‘nestedLogit.Rmd’ --- re-building ‘plotting-ggplot.Rmd’ using rmarkdown Quitting from lines 150-156 [wlf-ggplot-p2] (plotting-ggplot.Rmd) Error: processing vignette 'plotting-ggplot.Rmd' failed with diagnostics: Problem while converting geom to grob. ℹ Error occurred in the 4th layer. Caused by error in `txt$shape[, shape_vars]`: ! Can't subset columns that don't exist. ✖ Column `x_midpoint` doesn't exist. --- failed re-building ‘plotting-ggplot.Rmd’ --- re-building ‘standard-errors.Rmd’ using rmarkdown --- finished re-building ‘standard-errors.Rmd’ SUMMARY: processing the following file failed: ‘plotting-ggplot.Rmd’ Error: Vignette re-building failed. Execution halted Flavor: r-release-macos-x86_64

Version: 0.3.2
Check: re-building of vignette outputs
Result: ERROR Error(s) in re-building vignettes: --- re-building 'nestedLogit.Rmd' using rmarkdown --- finished re-building 'nestedLogit.Rmd' --- re-building 'plotting-ggplot.Rmd' using rmarkdown Quitting from lines 150-156 [wlf-ggplot-p2] (plotting-ggplot.Rmd) Error: processing vignette 'plotting-ggplot.Rmd' failed with diagnostics: Problem while converting geom to grob. ℹ Error occurred in the 4th layer. Caused by error in `txt$shape[, shape_vars]`: ! Can't subset columns that don't exist. ✖ Column `x_midpoint` doesn't exist. --- failed re-building 'plotting-ggplot.Rmd' --- re-building 'standard-errors.Rmd' using rmarkdown --- finished re-building 'standard-errors.Rmd' SUMMARY: processing the following file failed: 'plotting-ggplot.Rmd' Error: Vignette re-building failed. Execution halted Flavor: r-release-windows-x86_64