Last updated on 2024-05-07 10:56:05 CEST.
Flavor | Version | Tinstall | Tcheck | Ttotal | Status | Flags |
---|---|---|---|---|---|---|
r-devel-linux-x86_64-debian-clang | 1.5.3 | 0.63 | 2.29 | 2.92 | ERROR | |
r-devel-linux-x86_64-debian-gcc | 1.5.3 | 109.21 | 377.82 | 487.03 | OK | |
r-devel-linux-x86_64-fedora-clang | 1.5.3 | 898.06 | OK | |||
r-devel-linux-x86_64-fedora-gcc | 1.5.3 | 1013.38 | OK | |||
r-devel-windows-x86_64 | 1.5.3 | 98.00 | 368.00 | 466.00 | OK | |
r-patched-linux-x86_64 | 1.5.3 | 93.53 | 498.69 | 592.22 | OK | |
r-release-linux-x86_64 | 1.5.3 | 97.87 | 499.46 | 597.33 | OK | |
r-release-macos-arm64 | 1.5.3 | 214.00 | NOTE | |||
r-release-macos-x86_64 | 1.5.3 | 635.00 | NOTE | |||
r-release-windows-x86_64 | 1.5.3 | 95.00 | 364.00 | 459.00 | OK | |
r-oldrel-macos-arm64 | 1.5.3 | 208.00 | NOTE | |||
r-oldrel-macos-x86_64 | 1.5.3 | 488.00 | NOTE | |||
r-oldrel-windows-x86_64 | 1.5.3 | 126.00 | 469.00 | 595.00 | OK |
Version: 1.5.3
Check: package dependencies
Result: ERROR
Package required but not available: ‘SingleCellExperiment’
See section ‘The DESCRIPTION file’ in the ‘Writing R Extensions’
manual.
Flavor: r-devel-linux-x86_64-debian-clang
Version: 1.5.3
Check: installed package size
Result: NOTE
installed size is 29.3Mb
sub-directories of 1Mb or more:
libs 27.6Mb
Flavors: r-release-macos-arm64, r-release-macos-x86_64, r-oldrel-macos-arm64, r-oldrel-macos-x86_64