CRAN Package Check Results for Package nawtilus

Last updated on 2023-02-05 09:57:24 CET.

Flavor Version Tinstall Tcheck Ttotal Status Flags
r-devel-linux-x86_64-debian-clang 0.1.4 5.27 38.66 43.93 OK
r-devel-linux-x86_64-debian-gcc 0.1.4 4.28 29.44 33.72 OK
r-devel-linux-x86_64-fedora-clang 0.1.4 56.81 NOTE
r-devel-linux-x86_64-fedora-gcc 0.1.4 54.52 OK
r-devel-windows-x86_64 0.1.4 21.00 68.00 89.00 OK
r-patched-linux-x86_64 0.1.4 6.65 36.61 43.26 OK
r-release-linux-x86_64 0.1.4 5.92 37.94 43.86 OK
r-release-macos-arm64 0.1.4 18.00 OK
r-release-macos-x86_64 0.1.4 27.00 OK
r-release-windows-x86_64 0.1.4 15.00 69.00 84.00 OK
r-oldrel-macos-arm64 0.1.4 23.00 OK
r-oldrel-macos-x86_64 0.1.4 32.00 OK
r-oldrel-windows-ix86+x86_64 0.1.4 12.00 61.00 73.00 OK

Check Details

Version: 0.1.4
Check: Rd cross-references
Result: NOTE
    Undeclared package ‘CBPS’ in Rd xrefs
Flavor: r-devel-linux-x86_64-fedora-clang