CRAN Package Check Results for Package namedCapture

Last updated on 2020-09-25 10:50:33 CEST.

Flavor Version Tinstall Tcheck Ttotal Status Flags
r-devel-linux-x86_64-debian-clang 2020.4.1 2.01 31.06 33.07 NOTE
r-devel-linux-x86_64-debian-gcc 2020.4.1 1.80 24.43 26.23 NOTE
r-devel-linux-x86_64-fedora-clang 2020.4.1 50.85 NOTE
r-devel-linux-x86_64-fedora-gcc 2020.4.1 42.28 NOTE
r-devel-windows-ix86+x86_64 2020.4.1 5.00 52.00 57.00 OK
r-patched-linux-x86_64 2020.4.1 1.99 30.44 32.43 NOTE
r-patched-solaris-x86 2020.4.1 60.50 NOTE
r-release-linux-x86_64 2020.4.1 2.01 30.47 32.48 NOTE
r-release-macos-x86_64 2020.4.1 NOTE
r-release-windows-ix86+x86_64 2020.4.1 5.00 57.00 62.00 OK
r-oldrel-macos-x86_64 2020.4.1 OK
r-oldrel-windows-ix86+x86_64 2020.4.1 4.00 56.00 60.00 OK

Check Details

Version: 2020.4.1
Check: package dependencies
Result: NOTE
    Package suggested but not available for checking: 're2r'
Flavors: r-devel-linux-x86_64-debian-clang, r-devel-linux-x86_64-debian-gcc, r-devel-linux-x86_64-fedora-clang, r-devel-linux-x86_64-fedora-gcc, r-patched-linux-x86_64, r-patched-solaris-x86, r-release-linux-x86_64, r-release-macos-x86_64