CRAN Package Check Results for Package mvmeta

Last updated on 2020-08-06 09:49:06 CEST.

Flavor Version Tinstall Tcheck Ttotal Status Flags
r-devel-linux-x86_64-debian-clang 1.0.3 5.29 51.02 56.31 OK
r-devel-linux-x86_64-debian-gcc 1.0.3 3.99 36.70 40.69 OK
r-devel-linux-x86_64-fedora-clang 1.0.3 71.71 NOTE
r-devel-linux-x86_64-fedora-gcc 1.0.3 61.81 OK
r-devel-windows-ix86+x86_64 1.0.3 10.00 59.00 69.00 OK
r-patched-linux-x86_64 1.0.3 4.75 48.31 53.06 OK
r-patched-solaris-x86 1.0.3 81.80 OK
r-release-linux-x86_64 1.0.3 5.31 48.65 53.96 OK
r-release-macos-x86_64 1.0.3 OK
r-release-windows-ix86+x86_64 1.0.3 11.00 83.00 94.00 OK
r-oldrel-macos-x86_64 1.0.3 OK
r-oldrel-windows-ix86+x86_64 1.0.3 8.00 75.00 83.00 OK

Check Details

Version: 1.0.3
Check: Rd cross-references
Result: NOTE
    Undeclared package ‘dosresmeta’ in Rd xrefs
Flavor: r-devel-linux-x86_64-fedora-clang