Last updated on 2023-01-27 10:50:22 CET.
Flavor | Version | Tinstall | Tcheck | Ttotal | Status | Flags |
---|---|---|---|---|---|---|
r-devel-linux-x86_64-debian-clang | 1.1.0 | 60.85 | 122.81 | 183.66 | OK | |
r-devel-linux-x86_64-debian-gcc | 1.1.0 | 50.90 | 92.48 | 143.38 | NOTE | |
r-devel-linux-x86_64-fedora-clang | 1.1.0 | 248.63 | NOTE | |||
r-devel-linux-x86_64-fedora-gcc | 1.1.0 | 263.04 | NOTE | |||
r-patched-linux-x86_64 | 1.1.0 | 56.34 | 117.15 | 173.49 | OK | |
r-release-linux-x86_64 | 1.1.0 | 55.70 | 119.95 | 175.65 | OK | |
r-release-macos-arm64 | 1.1.0 | 65.00 | OK | |||
r-release-macos-x86_64 | 1.1.0 | 90.00 | OK | |||
r-release-windows-x86_64 | 1.1.0 | 68.00 | 180.00 | 248.00 | OK | |
r-oldrel-macos-arm64 | 1.1.0 | 58.00 | OK | |||
r-oldrel-macos-x86_64 | 1.1.0 | 87.00 | OK | |||
r-oldrel-windows-ix86+x86_64 | 1.1.0 | 153.00 | 199.00 | 352.00 | OK |
Version: 1.1.0
Check: C++ specification
Result: NOTE
Specified C++11: please update to current default of C++17
Flavors: r-devel-linux-x86_64-debian-gcc, r-devel-linux-x86_64-fedora-clang, r-devel-linux-x86_64-fedora-gcc