Last updated on 2024-04-24 10:23:01 CEST.
Flavor | Version | Tinstall | Tcheck | Ttotal | Status | Flags |
---|---|---|---|---|---|---|
r-devel-linux-x86_64-debian-clang | 0.2.6 | 79.18 | 268.65 | 347.83 | OK | |
r-devel-linux-x86_64-debian-gcc | 0.2.6 | 65.95 | 174.90 | 240.85 | OK | |
r-devel-linux-x86_64-fedora-clang | 0.2.6 | 453.59 | OK | |||
r-devel-linux-x86_64-fedora-gcc | 0.2.6 | 457.26 | OK | |||
r-devel-windows-x86_64 | 0.2.6 | 62.00 | 252.00 | 314.00 | OK | |
r-patched-linux-x86_64 | 0.2.6 | 82.30 | 257.03 | 339.33 | OK | |
r-release-linux-x86_64 | 0.2.6 | 82.41 | 249.62 | 332.03 | OK | |
r-release-macos-arm64 | 0.2.6 | 115.00 | NOTE | |||
r-release-macos-x86_64 | 0.2.6 | 306.00 | NOTE | |||
r-release-windows-x86_64 | 0.2.6 | 82.00 | 283.00 | 365.00 | OK | |
r-oldrel-macos-arm64 | 0.2.6 | 115.00 | NOTE | |||
r-oldrel-macos-x86_64 | 0.2.6 | 297.00 | NOTE | |||
r-oldrel-windows-x86_64 | 0.2.6 | 76.00 | 277.00 | 353.00 | OK |
Version: 0.2.6
Check: installed package size
Result: NOTE
installed size is 6.1Mb
sub-directories of 1Mb or more:
libs 4.7Mb
Flavors: r-release-macos-arm64, r-release-macos-x86_64, r-oldrel-macos-arm64, r-oldrel-macos-x86_64