CRAN Package Check Results for Package mudata2

Last updated on 2022-10-04 10:49:39 CEST.

Flavor Version Tinstall Tcheck Ttotal Status Flags
r-devel-linux-x86_64-debian-clang 1.1.2 9.12 170.51 179.63 OK
r-devel-linux-x86_64-debian-gcc 1.1.2 6.60 123.49 130.09 OK
r-devel-linux-x86_64-fedora-clang 1.1.2 221.25 NOTE
r-devel-linux-x86_64-fedora-gcc 1.1.2 210.35 NOTE
r-devel-windows-x86_64 1.1.2 36.00 203.00 239.00 OK
r-patched-linux-x86_64 1.1.2 9.51 154.98 164.49 OK
r-release-linux-x86_64 1.1.2 7.56 155.58 163.14 OK
r-release-macos-arm64 1.1.2 54.00 NOTE
r-release-macos-x86_64 1.1.2 103.00 NOTE
r-release-windows-x86_64 1.1.2 44.00 208.00 252.00 OK
r-oldrel-macos-arm64 1.1.2 82.00 NOTE
r-oldrel-macos-x86_64 1.1.2 95.00 NOTE
r-oldrel-windows-ix86+x86_64 1.1.2 24.00 216.00 240.00 OK

Check Details

Version: 1.1.2
Check: dependencies in R code
Result: NOTE
    Namespace in Imports field not imported from: ‘ggplot2’
     All declared Imports should be used.
Flavors: r-devel-linux-x86_64-fedora-clang, r-devel-linux-x86_64-fedora-gcc, r-release-macos-arm64, r-release-macos-x86_64, r-oldrel-macos-arm64, r-oldrel-macos-x86_64