Last updated on 2024-03-28 10:49:40 CET.
Flavor | Version | Tinstall | Tcheck | Ttotal | Status | Flags |
---|---|---|---|---|---|---|
r-devel-linux-x86_64-debian-clang | 11.3.5.101 | 15.13 | 56.44 | 71.57 | OK | |
r-devel-linux-x86_64-debian-gcc | 11.3.5.101 | 10.34 | 43.20 | 53.54 | OK | |
r-devel-linux-x86_64-fedora-clang | 11.3.5.101 | 90.15 | NOTE | |||
r-devel-linux-x86_64-fedora-gcc | 11.3.5.101 | 102.81 | NOTE | |||
r-devel-windows-x86_64 | 11.3.5.101 | 14.00 | 60.00 | 74.00 | OK | |
r-patched-linux-x86_64 | 11.3.5.101 | 15.34 | 54.80 | 70.14 | OK | |
r-release-linux-x86_64 | 11.3.5.101 | 8.90 | 54.34 | 63.24 | OK | |
r-release-macos-arm64 | 11.3.5.101 | 36.00 | OK | |||
r-release-macos-x86_64 | 11.3.5.101 | 46.00 | OK | |||
r-release-windows-x86_64 | 11.3.5.101 | 17.00 | 71.00 | 88.00 | OK | |
r-oldrel-macos-arm64 | 11.3.5.101 | 28.00 | NOTE | |||
r-oldrel-windows-x86_64 | 11.3.5.101 | 16.00 | 74.00 | 90.00 | OK |
Version: 11.3.5.101
Check: dependencies in R code
Result: NOTE
Namespaces in Imports field not imported from:
‘markdown’ ‘methods’ ‘vctrs’
All declared Imports should be used.
Flavors: r-devel-linux-x86_64-fedora-clang, r-devel-linux-x86_64-fedora-gcc, r-oldrel-macos-arm64