CRAN Package Check Results for Package msgl

Last updated on 2020-08-10 10:03:08 CEST.

Flavor Version Tinstall Tcheck Ttotal Status Flags
r-devel-linux-x86_64-debian-clang 2.3.9 38.04 94.25 132.29 OK
r-devel-linux-x86_64-debian-gcc 2.3.9 29.88 75.74 105.62 OK
r-devel-linux-x86_64-fedora-clang 2.3.9 174.26 OK
r-devel-linux-x86_64-fedora-gcc 2.3.9 159.74 OK
r-devel-windows-ix86+x86_64 2.3.9 78.00 241.00 319.00 OK
r-patched-linux-x86_64 2.3.9 30.13 94.87 125.00 OK
r-patched-solaris-x86 2.3.9 285.10 OK
r-release-linux-x86_64 2.3.9 33.24 94.57 127.81 OK
r-release-macos-x86_64 2.3.9 NOTE
r-release-windows-ix86+x86_64 2.3.9 96.00 168.00 264.00 OK
r-oldrel-macos-x86_64 2.3.9 NOTE
r-oldrel-windows-ix86+x86_64 2.3.9 70.00 170.00 240.00 OK

Check Details

Version: 2.3.9
Check: installed package size
Result: NOTE
     installed size is 5.2Mb
     sub-directories of 1Mb or more:
     libs 4.2Mb
Flavors: r-release-macos-x86_64, r-oldrel-macos-x86_64