Last updated on 2023-02-08 10:57:34 CET.
Flavor | Version | Tinstall | Tcheck | Ttotal | Status | Flags |
---|---|---|---|---|---|---|
r-devel-linux-x86_64-debian-clang | 0.6.3 | 2.98 | 31.11 | 34.09 | OK | |
r-devel-linux-x86_64-debian-gcc | 0.6.3 | 2.04 | 24.64 | 26.68 | OK | |
r-devel-linux-x86_64-fedora-clang | 0.6.3 | 43.08 | NOTE | |||
r-devel-linux-x86_64-fedora-gcc | 0.6.3 | 41.21 | NOTE | |||
r-devel-windows-x86_64 | 0.6.3 | 11.00 | 71.00 | 82.00 | OK | |
r-patched-linux-x86_64 | 0.6.3 | 4.36 | 29.57 | 33.93 | OK | |
r-release-linux-x86_64 | 0.6.3 | 2.50 | 30.86 | 33.36 | OK | |
r-release-macos-arm64 | 0.6.3 | 19.00 | NOTE | |||
r-release-macos-x86_64 | 0.6.3 | 25.00 | NOTE | |||
r-release-windows-x86_64 | 0.6.3 | 16.00 | 75.00 | 91.00 | OK | |
r-oldrel-macos-arm64 | 0.6.3 | 19.00 | NOTE | |||
r-oldrel-macos-x86_64 | 0.6.3 | 25.00 | NOTE | |||
r-oldrel-windows-ix86+x86_64 | 0.6.3 | 7.00 | 55.00 | 62.00 | OK |
Version: 0.6.3
Check: data for non-ASCII characters
Result: NOTE
Note: found 75 marked UTF-8 strings
Flavors: r-devel-linux-x86_64-fedora-clang, r-devel-linux-x86_64-fedora-gcc, r-release-macos-arm64, r-release-macos-x86_64, r-oldrel-macos-arm64, r-oldrel-macos-x86_64