Last updated on 2024-04-24 10:23:01 CEST.
Flavor | Version | Tinstall | Tcheck | Ttotal | Status | Flags |
---|---|---|---|---|---|---|
r-devel-linux-x86_64-debian-clang | 0.6.0 | 4.47 | 49.84 | 54.31 | OK | |
r-devel-linux-x86_64-debian-gcc | 0.6.0 | 3.32 | 38.01 | 41.33 | OK | |
r-devel-linux-x86_64-fedora-clang | 0.6.0 | 67.99 | OK | |||
r-devel-linux-x86_64-fedora-gcc | 0.6.0 | 77.35 | OK | |||
r-devel-windows-x86_64 | 0.6.0 | 5.00 | 58.00 | 63.00 | OK | |
r-patched-linux-x86_64 | 0.6.0 | 4.44 | 47.75 | 52.19 | OK | |
r-release-linux-x86_64 | 0.6.0 | 2.77 | 45.48 | 48.25 | OK | |
r-release-macos-arm64 | 0.6.0 | 32.00 | OK | |||
r-release-windows-x86_64 | 0.6.0 | 6.00 | 67.00 | 73.00 | OK | |
r-oldrel-macos-arm64 | 0.6.0 | 26.00 | NOTE | |||
r-oldrel-macos-x86_64 | 0.6.0 | 42.00 | OK | |||
r-oldrel-windows-x86_64 | 0.6.0 | 6.00 | 72.00 | 78.00 | OK |
Version: 0.6.0
Check: package dependencies
Result: NOTE
Package suggested but not available for checking: ‘Biostrings’
Flavor: r-oldrel-macos-arm64
Version: 0.6.0
Check: Rd cross-references
Result: NOTE
Package unavailable to check Rd xrefs: ‘Biostrings’
Flavor: r-oldrel-macos-arm64