Last updated on 2023-02-08 10:57:34 CET.
Flavor | Version | Tinstall | Tcheck | Ttotal | Status | Flags |
---|---|---|---|---|---|---|
r-devel-linux-x86_64-debian-clang | 1.0.13 | 104.43 | 127.23 | 231.66 | NOTE | |
r-devel-linux-x86_64-debian-gcc | 1.0.13 | 72.49 | 95.73 | 168.22 | NOTE | |
r-devel-linux-x86_64-fedora-clang | 1.0.13 | 292.84 | NOTE | |||
r-devel-linux-x86_64-fedora-gcc | 1.0.13 | 286.27 | NOTE | |||
r-devel-windows-x86_64 | 1.0.13 | 108.00 | 192.00 | 300.00 | NOTE | |
r-patched-linux-x86_64 | 1.0.13 | 81.94 | 121.26 | 203.20 | OK | |
r-release-linux-x86_64 | 1.0.13 | 79.76 | 117.77 | 197.53 | OK | |
r-release-macos-arm64 | 1.0.13 | 84.00 | NOTE | |||
r-release-macos-x86_64 | 1.0.13 | 136.00 | NOTE | |||
r-release-windows-x86_64 | 1.0.13 | 101.00 | 196.00 | 297.00 | OK | |
r-oldrel-macos-arm64 | 1.0.13 | 97.00 | NOTE | |||
r-oldrel-macos-x86_64 | 1.0.13 | 146.00 | NOTE | |||
r-oldrel-windows-ix86+x86_64 | 1.0.13 | 216.00 | 236.00 | 452.00 | NOTE |
Version: 1.0.13
Check: C++ specification
Result: NOTE
Specified C++11: please update to current default of C++17
Flavors: r-devel-linux-x86_64-debian-clang, r-devel-windows-x86_64
Version: 1.0.13
Check: C++ specification
Result: NOTE
Specified C++11: please drop specification unless essential
Flavors: r-devel-linux-x86_64-debian-gcc, r-devel-linux-x86_64-fedora-clang, r-devel-linux-x86_64-fedora-gcc
Version: 1.0.13
Check: installed package size
Result: NOTE
installed size is 15.8Mb
sub-directories of 1Mb or more:
data 1.6Mb
libs 13.8Mb
Flavors: r-release-macos-arm64, r-release-macos-x86_64, r-oldrel-macos-arm64, r-oldrel-macos-x86_64, r-oldrel-windows-ix86+x86_64