Last updated on 2024-04-23 10:54:09 CEST.
Flavor | Version | Tinstall | Tcheck | Ttotal | Status | Flags |
---|---|---|---|---|---|---|
r-devel-linux-x86_64-debian-clang | 2.1 | 43.01 | 384.05 | 427.06 | OK | |
r-devel-linux-x86_64-debian-gcc | 2.1 | 33.81 | 282.12 | 315.93 | OK | |
r-devel-linux-x86_64-fedora-clang | 2.1 | 540.51 | NOTE | |||
r-devel-linux-x86_64-fedora-gcc | 2.1 | 507.96 | NOTE | |||
r-prerel-macos-arm64 | 2.1 | 114.00 | OK | |||
r-prerel-macos-x86_64 | 2.1 | 413.00 | OK | |||
r-prerel-windows-x86_64 | 2.1 | 33.00 | 231.00 | 264.00 | OK | |
r-patched-linux-x86_64 | 2.1 | 33.50 | 372.11 | 405.61 | OK | |
r-release-linux-x86_64 | 2.1 | 42.91 | 379.06 | 421.97 | OK | |
r-release-macos-arm64 | 2.1 | 130.00 | OK | |||
r-release-macos-x86_64 | 2.1 | 304.00 | OK | |||
r-release-windows-x86_64 | 2.1 | 44.00 | 306.00 | 350.00 | OK | |
r-oldrel-macos-arm64 | 2.1 | 123.00 | OK | |||
r-oldrel-windows-x86_64 | 2.1 | 45.00 | 301.00 | 346.00 | OK |
Version: 2.1
Check: data for non-ASCII characters
Result: NOTE
Note: found 3 marked UTF-8 strings
Flavors: r-devel-linux-x86_64-fedora-clang, r-devel-linux-x86_64-fedora-gcc