CRAN Package Check Results for Package mosaicData

Last updated on 2022-09-26 09:50:03 CEST.

Flavor Version Tinstall Tcheck Ttotal Status Flags
r-devel-linux-x86_64-debian-clang 0.20.3 4.56 47.75 52.31 OK
r-devel-linux-x86_64-debian-gcc 0.20.3 3.40 34.62 38.02 OK
r-devel-linux-x86_64-fedora-clang 0.20.3 77.25 NOTE
r-devel-linux-x86_64-fedora-gcc 0.20.3 75.68 NOTE
r-devel-windows-x86_64 0.20.3 43.00 91.00 134.00 OK
r-patched-linux-x86_64 0.20.3 4.31 42.84 47.15 OK
r-release-linux-x86_64 0.20.3 4.28 41.26 45.54 OK
r-release-macos-arm64 0.20.3 33.00 NOTE
r-release-macos-x86_64 0.20.3 47.00 NOTE
r-release-windows-x86_64 0.20.3 42.00 84.00 126.00 OK
r-oldrel-macos-arm64 0.20.3 35.00 NOTE
r-oldrel-macos-x86_64 0.20.3 50.00 NOTE
r-oldrel-windows-ix86+x86_64 0.20.3 9.00 77.00 86.00 OK

Check Details

Version: 0.20.3
Check: data for non-ASCII characters
Result: NOTE
     Note: found 7 marked UTF-8 strings
Flavors: r-devel-linux-x86_64-fedora-clang, r-devel-linux-x86_64-fedora-gcc, r-release-macos-arm64, r-release-macos-x86_64, r-oldrel-macos-arm64, r-oldrel-macos-x86_64