CRAN Package Check Results for Package mosaicCalc

Last updated on 2020-08-06 09:49:06 CEST.

Flavor Version Tinstall Tcheck Ttotal Status Flags
r-devel-linux-x86_64-debian-clang 0.5.1 14.01 104.68 118.69 OK
r-devel-linux-x86_64-debian-gcc 0.5.1 10.76 83.32 94.08 OK
r-devel-linux-x86_64-fedora-clang 0.5.1 151.44 NOTE
r-devel-linux-x86_64-fedora-gcc 0.5.1 138.05 NOTE
r-devel-windows-ix86+x86_64 0.5.1 41.00 114.00 155.00 OK
r-patched-linux-x86_64 0.5.1 9.07 102.15 111.22 OK
r-patched-solaris-x86 0.5.1 208.10 NOTE
r-release-linux-x86_64 0.5.1 12.96 100.36 113.32 OK
r-release-macos-x86_64 0.5.1 NOTE
r-release-windows-ix86+x86_64 0.5.1 31.00 136.00 167.00 OK
r-oldrel-macos-x86_64 0.5.1 NOTE
r-oldrel-windows-ix86+x86_64 0.5.1 21.00 105.00 126.00 OK

Check Details

Version: 0.5.1
Check: dependencies in R code
Result: NOTE
    Namespaces in Imports field not imported from:
     ‘ggformula’ ‘magrittr’ ‘rlang’
     All declared Imports should be used.
Flavors: r-devel-linux-x86_64-fedora-clang, r-devel-linux-x86_64-fedora-gcc, r-patched-solaris-x86, r-release-macos-x86_64, r-oldrel-macos-x86_64