Last updated on 2024-04-26 09:52:06 CEST.
Flavor | Version | Tinstall | Tcheck | Ttotal | Status | Flags |
---|---|---|---|---|---|---|
r-devel-linux-x86_64-debian-clang | 3.3.2 | 18.08 | 367.39 | 385.47 | NOTE | |
r-devel-linux-x86_64-debian-gcc | 3.3.2 | 11.97 | 270.36 | 282.33 | NOTE | |
r-devel-linux-x86_64-fedora-clang | 3.3.2 | 489.96 | NOTE | |||
r-devel-linux-x86_64-fedora-gcc | 3.3.2 | 489.37 | NOTE | |||
r-devel-windows-x86_64 | 3.3.2 | 17.00 | 258.00 | 275.00 | NOTE | --no-vignettes |
r-patched-linux-x86_64 | 3.3.2 | 10.81 | 386.22 | 397.03 | NOTE | |
r-release-linux-x86_64 | 3.3.2 | 9.73 | 356.21 | 365.94 | OK | |
r-release-macos-arm64 | 3.3.2 | 139.00 | NOTE | |||
r-release-windows-x86_64 | 3.3.2 | 17.00 | 247.00 | 264.00 | NOTE | --no-vignettes |
r-oldrel-macos-arm64 | 3.3.2 | 138.00 | OK | |||
r-oldrel-macos-x86_64 | 3.3.2 | 237.00 | OK | |||
r-oldrel-windows-x86_64 | 3.3.2 | 23.00 | 449.00 | 472.00 | OK | --no-vignettes |
Version: 3.3.2
Check: Rd files
Result: NOTE
checkRd: (-1) plot.LCx.Rd:34: Lost braces
34 | \\code{LCx} class. It plots the survival probability as a function of concentration.
| ^
Flavors: r-devel-linux-x86_64-debian-clang, r-devel-linux-x86_64-debian-gcc, r-devel-linux-x86_64-fedora-clang, r-devel-linux-x86_64-fedora-gcc, r-patched-linux-x86_64, r-release-macos-arm64
Version: 3.3.2
Check: compiled code
Result: NOTE
File ‘morse/libs/morse.so’:
Found no calls to: ‘R_registerRoutines’, ‘R_useDynamicSymbols’
It is good practice to register native routines and to disable symbol
search.
See ‘Writing portable packages’ in the ‘Writing R Extensions’ manual.
Flavors: r-devel-linux-x86_64-fedora-clang, r-devel-linux-x86_64-fedora-gcc
Version: 3.3.2
Flags: --no-vignettes
Check: Rd files
Result: NOTE
checkRd: (-1) plot.LCx.Rd:34: Lost braces
34 | \\code{LCx} class. It plots the survival probability as a function of concentration.
| ^
Flavors: r-devel-windows-x86_64, r-release-windows-x86_64