Last updated on 2023-02-06 09:55:50 CET.
Flavor | Version | Tinstall | Tcheck | Ttotal | Status | Flags |
---|---|---|---|---|---|---|
r-devel-linux-x86_64-debian-clang | 0.5.5 | 11.08 | 116.15 | 127.23 | OK | |
r-devel-linux-x86_64-debian-gcc | 0.5.5 | 8.07 | 85.86 | 93.93 | OK | |
r-devel-linux-x86_64-fedora-clang | 0.5.5 | 158.72 | NOTE | |||
r-devel-linux-x86_64-fedora-gcc | 0.5.5 | 160.62 | NOTE | |||
r-devel-windows-x86_64 | 0.5.5 | 114.00 | 170.00 | 284.00 | OK | |
r-patched-linux-x86_64 | 0.5.5 | 10.75 | 107.50 | 118.25 | OK | |
r-release-linux-x86_64 | 0.5.5 | 9.37 | 102.84 | 112.21 | OK | |
r-release-macos-arm64 | 0.5.5 | 45.00 | NOTE | |||
r-release-macos-x86_64 | 0.5.5 | 65.00 | NOTE | |||
r-release-windows-x86_64 | 0.5.5 | 170.00 | 185.00 | 355.00 | OK | |
r-oldrel-macos-arm64 | 0.5.5 | 47.00 | NOTE | |||
r-oldrel-macos-x86_64 | 0.5.5 | 71.00 | NOTE | |||
r-oldrel-windows-ix86+x86_64 | 0.5.5 | 23.00 | 152.00 | 175.00 | OK |
Version: 0.5.5
Check: data for non-ASCII characters
Result: NOTE
Note: found 5238 marked UTF-8 strings
Flavors: r-devel-linux-x86_64-fedora-clang, r-devel-linux-x86_64-fedora-gcc, r-release-macos-arm64, r-release-macos-x86_64, r-oldrel-macos-arm64, r-oldrel-macos-x86_64