CRAN Package Check Results for Package modelsummary

Last updated on 2022-05-28 10:50:50 CEST.

Flavor Version Tinstall Tcheck Ttotal Status Flags
r-devel-linux-x86_64-debian-clang 0.10.0 8.43 178.52 186.95 OK
r-devel-linux-x86_64-debian-gcc 0.10.0 7.16 130.69 137.85 OK
r-devel-linux-x86_64-fedora-clang 0.10.0 225.28 OK
r-devel-linux-x86_64-fedora-gcc 0.10.0 1899.24 ERROR
r-devel-windows-x86_64 0.10.0 174.00 198.00 372.00 OK
r-patched-linux-x86_64 0.10.0 6.87 168.06 174.93 OK
r-release-linux-x86_64 0.10.0 6.09 168.10 174.19 OK
r-release-macos-arm64 0.10.0 66.00 OK
r-release-macos-x86_64 0.10.0 101.00 OK
r-release-windows-x86_64 0.10.0 173.00 201.00 374.00 OK
r-oldrel-macos-arm64 0.10.0 48.00 OK
r-oldrel-macos-x86_64 0.10.0 82.00 OK
r-oldrel-windows-ix86+x86_64 0.10.0 18.00 217.00 235.00 OK

Check Details

Version: 0.10.0
Check: tests
Result: ERROR
     Running ‘spelling.R’
     Running ‘testthat.R’ [30m/36m]
    Running the tests in ‘tests/testthat.R’ failed.
    Complete output:
     > library(testthat)
     > library(modelsummary)
     >
     > test_check("modelsummary")
Flavor: r-devel-linux-x86_64-fedora-gcc