Last updated on 2022-05-21 10:50:19 CEST.
Flavor | Version | Tinstall | Tcheck | Ttotal | Status | Flags |
---|---|---|---|---|---|---|
r-devel-linux-x86_64-debian-clang | 2.4.0 | 6.22 | 66.19 | 72.41 | NOTE | |
r-devel-linux-x86_64-debian-gcc | 2.4.0 | 5.55 | 51.07 | 56.62 | NOTE | |
r-devel-linux-x86_64-fedora-clang | 2.4.0 | 88.10 | NOTE | |||
r-devel-linux-x86_64-fedora-gcc | 2.4.0 | 85.84 | NOTE | |||
r-devel-windows-x86_64 | 2.4.0 | 29.00 | 85.00 | 114.00 | NOTE | |
r-patched-linux-x86_64 | 2.4.0 | 6.53 | 65.27 | 71.80 | NOTE | |
r-release-linux-x86_64 | 2.4.0 | 5.80 | 64.96 | 70.76 | NOTE | |
r-release-macos-arm64 | 2.4.0 | 27.00 | NOTE | |||
r-release-macos-x86_64 | 2.4.0 | 37.00 | NOTE | |||
r-release-windows-x86_64 | 2.4.0 | 26.00 | 91.00 | 117.00 | NOTE | |
r-oldrel-macos-arm64 | 2.4.0 | 30.00 | NOTE | |||
r-oldrel-macos-x86_64 | 2.4.0 | 47.00 | NOTE | |||
r-oldrel-windows-ix86+x86_64 | 2.4.0 | 15.00 | 84.00 | 99.00 | NOTE |
Version: 2.4.0
Check: LazyData
Result: NOTE
'LazyData' is specified without a 'data' directory
Flavors: r-devel-linux-x86_64-debian-clang, r-devel-linux-x86_64-debian-gcc, r-devel-linux-x86_64-fedora-clang, r-devel-linux-x86_64-fedora-gcc, r-devel-windows-x86_64, r-patched-linux-x86_64, r-release-linux-x86_64, r-release-macos-arm64, r-release-macos-x86_64, r-release-windows-x86_64, r-oldrel-macos-arm64, r-oldrel-macos-x86_64, r-oldrel-windows-ix86+x86_64