Last updated on 2022-06-28 10:49:12 CEST.
Flavor | Version | Tinstall | Tcheck | Ttotal | Status | Flags |
---|---|---|---|---|---|---|
r-devel-linux-x86_64-debian-clang | 0.5 | 39.21 | 109.51 | 148.72 | OK | |
r-devel-linux-x86_64-debian-gcc | 0.5 | 29.48 | 81.33 | 110.81 | OK | |
r-devel-linux-x86_64-fedora-clang | 0.5 | 186.84 | NOTE | |||
r-devel-linux-x86_64-fedora-gcc | 0.5 | 180.87 | NOTE | |||
r-devel-windows-x86_64 | 0.5 | 74.00 | 136.00 | 210.00 | OK | |
r-patched-linux-x86_64 | 0.5 | 30.84 | 102.26 | 133.10 | OK | |
r-release-linux-x86_64 | 0.5 | 24.45 | 102.10 | 126.55 | OK | |
r-release-macos-arm64 | 0.5 | 45.00 | NOTE | |||
r-release-macos-x86_64 | 0.5 | 93.00 | NOTE | |||
r-release-windows-x86_64 | 0.5 | 67.00 | 127.00 | 194.00 | OK | |
r-oldrel-macos-arm64 | 0.5 | 59.00 | NOTE | |||
r-oldrel-macos-x86_64 | 0.5 | 93.00 | NOTE | |||
r-oldrel-windows-ix86+x86_64 | 0.5 | 64.00 | 123.00 | 187.00 | OK |
Version: 0.5
Check: package dependencies
Result: NOTE
Imports includes 22 non-default packages.
Importing from so many packages makes the package vulnerable to any of
them becoming unavailable. Move as many as possible to Suggests and
use conditionally.
Flavor: r-devel-linux-x86_64-fedora-clang
Version: 0.5
Check: dependencies in R code
Result: NOTE
Namespace in Imports field not imported from: ‘lazyeval’
All declared Imports should be used.
Flavors: r-devel-linux-x86_64-fedora-clang, r-devel-linux-x86_64-fedora-gcc, r-release-macos-arm64, r-release-macos-x86_64, r-oldrel-macos-arm64, r-oldrel-macos-x86_64