Last updated on 2024-05-13 11:56:41 CEST.
Flavor | Version | Tinstall | Tcheck | Ttotal | Status | Flags |
---|---|---|---|---|---|---|
r-devel-linux-x86_64-debian-clang | 2.0.1 | 7.59 | 67.20 | 74.79 | OK | |
r-devel-linux-x86_64-debian-gcc | 2.0.1 | 6.51 | 51.28 | 57.79 | OK | |
r-devel-linux-x86_64-fedora-clang | 2.0.1 | 95.13 | NOTE | |||
r-devel-linux-x86_64-fedora-gcc | 2.0.1 | 139.25 | NOTE | |||
r-devel-windows-x86_64 | 2.0.1 | 8.00 | 69.00 | 77.00 | OK | |
r-patched-linux-x86_64 | 2.0.1 | 6.92 | 66.17 | 73.09 | OK | |
r-release-linux-x86_64 | 2.0.1 | 5.00 | 64.62 | 69.62 | OK | |
r-release-macos-arm64 | 2.0.1 | 34.00 | OK | |||
r-release-macos-x86_64 | 2.0.1 | 76.00 | OK | |||
r-release-windows-x86_64 | 2.0.1 | 8.00 | 70.00 | 78.00 | OK | |
r-oldrel-macos-arm64 | 2.0.1 | 40.00 | OK | |||
r-oldrel-macos-x86_64 | 2.0.1 | 69.00 | OK | |||
r-oldrel-windows-x86_64 | 2.0.1 | 10.00 | 85.00 | 95.00 | OK |
Version: 2.0.1
Check: dependencies in R code
Result: NOTE
Namespace in Imports field not imported from: ‘tibble’
All declared Imports should be used.
Flavors: r-devel-linux-x86_64-fedora-clang, r-devel-linux-x86_64-fedora-gcc