Last updated on 2024-05-09 10:49:57 CEST.
Flavor | Version | Tinstall | Tcheck | Ttotal | Status | Flags |
---|---|---|---|---|---|---|
r-devel-linux-x86_64-debian-clang | 0.14 | 1.90 | 21.04 | 22.94 | NOTE | |
r-devel-linux-x86_64-debian-gcc | 0.14 | 1.67 | 16.59 | 18.26 | NOTE | |
r-devel-linux-x86_64-fedora-clang | 0.14 | 29.45 | NOTE | |||
r-devel-linux-x86_64-fedora-gcc | 0.14 | 31.59 | NOTE | |||
r-devel-windows-x86_64 | 0.14 | 3.00 | 38.00 | 41.00 | NOTE | |
r-patched-linux-x86_64 | 0.14 | 1.85 | 20.44 | 22.29 | NOTE | |
r-release-linux-x86_64 | 0.14 | 1.73 | 20.90 | 22.63 | NOTE | |
r-release-macos-arm64 | 0.14 | 16.00 | NOTE | |||
r-release-windows-x86_64 | 0.14 | 2.00 | 36.00 | 38.00 | NOTE | |
r-oldrel-macos-arm64 | 0.14 | 17.00 | NOTE | |||
r-oldrel-macos-x86_64 | 0.14 | 24.00 | NOTE | |||
r-oldrel-windows-x86_64 | 0.14 | 3.00 | 37.00 | 40.00 | NOTE |
Version: 0.14
Check: LazyData
Result: NOTE
'LazyData' is specified without a 'data' directory
Flavors: r-devel-linux-x86_64-debian-clang, r-devel-linux-x86_64-debian-gcc, r-devel-linux-x86_64-fedora-clang, r-devel-linux-x86_64-fedora-gcc, r-devel-windows-x86_64, r-patched-linux-x86_64, r-release-linux-x86_64, r-release-macos-arm64, r-release-windows-x86_64, r-oldrel-macos-arm64, r-oldrel-macos-x86_64, r-oldrel-windows-x86_64