Last updated on 2023-01-31 10:52:16 CET.
Flavor | Version | Tinstall | Tcheck | Ttotal | Status | Flags |
---|---|---|---|---|---|---|
r-devel-linux-x86_64-debian-clang | 0.1.3 | 1.67 | 24.62 | 26.29 | NOTE | |
r-devel-linux-x86_64-debian-gcc | 0.1.3 | 1.74 | 19.31 | 21.05 | NOTE | |
r-devel-linux-x86_64-fedora-clang | 0.1.3 | 35.43 | NOTE | |||
r-devel-linux-x86_64-fedora-gcc | 0.1.3 | 33.85 | NOTE | |||
r-devel-windows-x86_64 | 0.1.3 | 16.00 | 57.00 | 73.00 | NOTE | |
r-patched-linux-x86_64 | 0.1.3 | 2.09 | 25.05 | 27.14 | NOTE | |
r-release-linux-x86_64 | 0.1.3 | 2.28 | 24.76 | 27.04 | NOTE | |
r-release-macos-arm64 | 0.1.3 | 15.00 | NOTE | |||
r-release-macos-x86_64 | 0.1.3 | 21.00 | NOTE | |||
r-release-windows-x86_64 | 0.1.3 | 10.00 | 59.00 | 69.00 | NOTE | |
r-oldrel-macos-arm64 | 0.1.3 | 18.00 | NOTE | |||
r-oldrel-macos-x86_64 | 0.1.3 | 27.00 | NOTE | |||
r-oldrel-windows-ix86+x86_64 | 0.1.3 | 5.00 | 58.00 | 63.00 | NOTE |
Version: 0.1.3
Check: LazyData
Result: NOTE
'LazyData' is specified without a 'data' directory
Flavors: r-devel-linux-x86_64-debian-clang, r-devel-linux-x86_64-debian-gcc, r-devel-linux-x86_64-fedora-clang, r-devel-linux-x86_64-fedora-gcc, r-devel-windows-x86_64, r-patched-linux-x86_64, r-release-linux-x86_64, r-release-macos-arm64, r-release-macos-x86_64, r-release-windows-x86_64, r-oldrel-macos-arm64, r-oldrel-macos-x86_64, r-oldrel-windows-ix86+x86_64