Last updated on 2023-09-24 09:57:46 CEST.
Flavor | Version | Tinstall | Tcheck | Ttotal | Status | Flags |
---|---|---|---|---|---|---|
r-devel-linux-x86_64-debian-clang | 1.0.1 | 188.53 | 93.06 | 281.59 | OK | |
r-devel-linux-x86_64-debian-gcc | 1.0.1 | 125.52 | 73.95 | 199.47 | OK | |
r-devel-linux-x86_64-fedora-clang | 1.0.1 | 361.72 | OK | |||
r-devel-linux-x86_64-fedora-gcc | 1.0.1 | 396.53 | OK | |||
r-devel-windows-x86_64 | 1.0.1 | 126.00 | 114.00 | 240.00 | OK | |
r-patched-linux-x86_64 | 1.0.1 | 165.30 | 97.55 | 262.85 | OK | |
r-release-linux-x86_64 | 1.0.1 | 161.51 | 96.00 | 257.51 | OK | |
r-release-macos-arm64 | 1.0.1 | 101.00 | NOTE | |||
r-release-macos-x86_64 | 1.0.1 | 161.00 | NOTE | |||
r-release-windows-x86_64 | 1.0.1 | 162.00 | 144.00 | 306.00 | OK | |
r-oldrel-macos-arm64 | 1.0.1 | 91.00 | NOTE | |||
r-oldrel-macos-x86_64 | 1.0.1 | 109.00 | NOTE | |||
r-oldrel-windows-x86_64 | 1.0.1 | 151.00 | 119.00 | 270.00 | OK |
Version: 1.0.1
Check: installed package size
Result: NOTE
installed size is 15.6Mb
sub-directories of 1Mb or more:
libs 15.4Mb
Flavors: r-release-macos-arm64, r-release-macos-x86_64, r-oldrel-macos-arm64, r-oldrel-macos-x86_64