CRAN Package Check Results for Package mmb

Last updated on 2023-01-28 10:51:34 CET.

Flavor Version Tinstall Tcheck Ttotal Status Flags
r-devel-linux-x86_64-debian-clang 0.13.3 4.46 123.74 128.20 NOTE
r-devel-linux-x86_64-debian-gcc 0.13.3 2.75 89.56 92.31 NOTE
r-devel-linux-x86_64-fedora-clang 0.13.3 160.22 NOTE
r-devel-linux-x86_64-fedora-gcc 0.13.3 167.26 NOTE
r-patched-linux-x86_64 0.13.3 4.07 119.06 123.13 NOTE
r-release-linux-x86_64 0.13.3 4.11 117.57 121.68 NOTE
r-release-macos-arm64 0.13.3 44.00 NOTE
r-release-macos-x86_64 0.13.3 58.00 NOTE
r-release-windows-x86_64 0.13.3 7.00 156.00 163.00 NOTE
r-oldrel-macos-arm64 0.13.3 72.00 NOTE
r-oldrel-macos-x86_64 0.13.3 91.00 NOTE
r-oldrel-windows-ix86+x86_64 0.13.3 9.00 171.00 180.00 NOTE

Check Details

Version: 0.13.3
Check: LazyData
Result: NOTE
     'LazyData' is specified without a 'data' directory
Flavors: r-devel-linux-x86_64-debian-clang, r-devel-linux-x86_64-debian-gcc, r-devel-linux-x86_64-fedora-clang, r-devel-linux-x86_64-fedora-gcc, r-patched-linux-x86_64, r-release-linux-x86_64, r-release-macos-arm64, r-release-macos-x86_64, r-release-windows-x86_64, r-oldrel-macos-arm64, r-oldrel-macos-x86_64, r-oldrel-windows-ix86+x86_64

Version: 0.13.3
Check: dependencies in R code
Result: NOTE
    Namespaces in Imports field not imported from:
     ‘datasets’ ‘doParallel’ ‘parallel’
     All declared Imports should be used.
Flavors: r-devel-linux-x86_64-fedora-clang, r-devel-linux-x86_64-fedora-gcc, r-release-macos-arm64, r-release-macos-x86_64, r-oldrel-macos-arm64, r-oldrel-macos-x86_64