CRAN Package Check Results for Package mlrCPO

Last updated on 2020-05-24 09:46:44 CEST.

Flavor Version Tinstall Tcheck Ttotal Status Flags
r-devel-linux-x86_64-debian-clang 0.3.6 26.85 329.91 356.76 OK
r-devel-linux-x86_64-debian-gcc 0.3.6 23.84 249.56 273.40 OK
r-devel-linux-x86_64-fedora-clang 0.3.6 421.75 OK
r-devel-linux-x86_64-fedora-gcc 0.3.6 432.48 OK
r-devel-windows-ix86+x86_64 0.3.6 65.00 454.00 519.00 OK
r-patched-linux-x86_64 0.3.6 26.50 325.63 352.13 OK
r-patched-solaris-x86 0.3.6 560.10 NOTE
r-release-linux-x86_64 0.3.6 26.54 326.03 352.57 OK
r-release-osx-x86_64 0.3.6 OK
r-release-windows-ix86+x86_64 0.3.6 53.00 487.00 540.00 OK
r-oldrel-osx-x86_64 0.3.6 OK
r-oldrel-windows-ix86+x86_64 0.3.6 43.00 434.00 477.00 OK

Check Details

Version: 0.3.6
Check: package dependencies
Result: NOTE
    Package suggested but not available for checking: ‘FSelector’
Flavor: r-patched-solaris-x86