CRAN Package Check Results for Package mlr3shiny

Last updated on 2020-08-08 09:48:43 CEST.

Flavor Version Tinstall Tcheck Ttotal Status Flags
r-devel-linux-x86_64-debian-clang 0.1.1 2.25 21.41 23.66 OK
r-devel-linux-x86_64-debian-gcc 0.1.1 1.81 17.10 18.91 OK
r-devel-linux-x86_64-fedora-clang 0.1.1 42.65 NOTE
r-devel-linux-x86_64-fedora-gcc 0.1.1 31.69 NOTE
r-devel-windows-ix86+x86_64 0.1.1 7.00 46.00 53.00 OK
r-patched-linux-x86_64 0.1.1 2.23 21.27 23.50 OK
r-patched-solaris-x86 0.1.1 46.20 NOTE
r-release-linux-x86_64 0.1.1 2.10 21.57 23.67 OK
r-release-macos-x86_64 0.1.1 NOTE
r-release-windows-ix86+x86_64 0.1.1 12.00 44.00 56.00 OK
r-oldrel-macos-x86_64 0.1.1 NOTE
r-oldrel-windows-ix86+x86_64 0.1.1 6.00 36.00 42.00 OK

Check Details

Version: 0.1.1
Check: dependencies in R code
Result: NOTE
    Namespaces in Imports field not imported from:
     ‘DT’ ‘data.table’ ‘e1071’ ‘mlr3’ ‘mlr3learners’ ‘mlr3measures’ ‘plyr’
     ‘purrr’ ‘ranger’ ‘readxl’ ‘shinyWidgets’ ‘shinyalert’
     ‘shinydashboard’ ‘shinyjs’ ‘shinythemes’ ‘stats’ ‘stringr’
     All declared Imports should be used.
Flavors: r-devel-linux-x86_64-fedora-clang, r-devel-linux-x86_64-fedora-gcc, r-patched-solaris-x86, r-release-macos-x86_64, r-oldrel-macos-x86_64